Last updated on 2025-10-31 02:50:26 CET.
| Flavor | Version | Tinstall | Tcheck | Ttotal | Status | Flags | 
|---|---|---|---|---|---|---|
| r-devel-linux-x86_64-debian-clang | 1.0-6 | 27.75 | 67.84 | 95.59 | NOTE | |
| r-devel-linux-x86_64-debian-gcc | 1.0-6 | 18.23 | 52.41 | 70.64 | NOTE | |
| r-devel-linux-x86_64-fedora-clang | 1.0-6 | 138.00 | 37.95 | 175.95 | OK | |
| r-devel-linux-x86_64-fedora-gcc | 1.0-6 | 63.00 | 101.54 | 164.54 | OK | |
| r-devel-windows-x86_64 | 1.0-6 | 34.00 | 102.00 | 136.00 | OK | |
| r-patched-linux-x86_64 | 1.0-6 | 25.81 | 64.12 | 89.93 | OK | |
| r-release-linux-x86_64 | 1.0-6 | 26.70 | 64.27 | 90.97 | OK | |
| r-release-macos-arm64 | 1.0-6 | 12.00 | 52.00 | 64.00 | OK | |
| r-release-macos-x86_64 | 1.0-6 | 15.00 | 68.00 | 83.00 | OK | |
| r-release-windows-x86_64 | 1.0-6 | 36.00 | 107.00 | 143.00 | OK | |
| r-oldrel-macos-arm64 | 1.0-6 | 12.00 | 36.00 | 48.00 | OK | |
| r-oldrel-macos-x86_64 | 1.0-6 | 14.00 | 56.00 | 70.00 | OK | |
| r-oldrel-windows-x86_64 | 1.0-6 | 45.00 | 128.00 | 173.00 | OK | 
Version: 1.0-6
Check: CRAN incoming feasibility
Result: NOTE
  Maintainer: ‘Duc-Khanh To  <toduc@stat.unipd.it>’
  
  No Authors@R field in DESCRIPTION.
  Please add one, modifying
    Authors@R: c(person(given = "Duc-Khanh",
                        family = "To",
                        role = c("aut", "cre"),
                        email = "toduc@stat.unipd.it"),
                 person(given = c("with", "contributions", "from", "Monica"),
                        family = "Chiogna",
                        role = "aut"),
                 person(given = "Gianfranco",
                        family = "Adimari",
                        role = "aut"))
  as necessary.
Flavors: r-devel-linux-x86_64-debian-clang, r-devel-linux-x86_64-debian-gcc