Last updated on 2025-05-07 03:50:55 CEST.
Flavor | Version | Tinstall | Tcheck | Ttotal | Status | Flags |
---|---|---|---|---|---|---|
r-devel-linux-x86_64-debian-clang | 1.0.4 | 2.18 | 22.74 | 24.92 | NOTE | |
r-devel-linux-x86_64-debian-gcc | 1.0.4 | 1.85 | 18.73 | 20.58 | NOTE | |
r-devel-linux-x86_64-fedora-clang | 1.0.4 | 39.23 | NOTE | |||
r-devel-linux-x86_64-fedora-gcc | 1.0.4 | 38.17 | NOTE | |||
r-devel-windows-x86_64 | 1.0.4 | 3.00 | 45.00 | 48.00 | OK | |
r-patched-linux-x86_64 | 1.0.4 | 2.17 | 22.12 | 24.29 | NOTE | |
r-release-linux-x86_64 | 1.0.4 | 1.46 | 22.68 | 24.14 | NOTE | |
r-release-macos-arm64 | 1.0.4 | 20.00 | OK | |||
r-release-macos-x86_64 | 1.0.4 | 28.00 | OK | |||
r-release-windows-x86_64 | 1.0.4 | 4.00 | 47.00 | 51.00 | OK | |
r-oldrel-macos-arm64 | 1.0.4 | 21.00 | NOTE | |||
r-oldrel-macos-x86_64 | 1.0.4 | 36.00 | NOTE | |||
r-oldrel-windows-x86_64 | 1.0.4 | 3.00 | 50.00 | 53.00 | NOTE |
Version: 1.0.4
Check: for non-standard things in the check directory
Result: NOTE
Found the following files/directories:
‘dump.txt’
Flavors: r-devel-linux-x86_64-debian-clang, r-devel-linux-x86_64-debian-gcc, r-devel-linux-x86_64-fedora-clang, r-devel-linux-x86_64-fedora-gcc, r-patched-linux-x86_64, r-release-linux-x86_64
Version: 1.0.4
Check: LazyData
Result: NOTE
'LazyData' is specified without a 'data' directory
Flavors: r-oldrel-macos-arm64, r-oldrel-macos-x86_64, r-oldrel-windows-x86_64