Last updated on 2025-07-04 03:50:20 CEST.
Flavor | Version | Tinstall | Tcheck | Ttotal | Status | Flags |
---|---|---|---|---|---|---|
r-devel-linux-x86_64-debian-clang | 1.3-7 | 11.08 | 43.79 | 54.87 | NOTE | |
r-devel-linux-x86_64-debian-gcc | 1.3-7 | 8.81 | 31.79 | 40.60 | NOTE | |
r-devel-linux-x86_64-fedora-clang | 1.3-7 | 85.91 | OK | |||
r-devel-linux-x86_64-fedora-gcc | 1.3-7 | 84.14 | OK | |||
r-devel-windows-x86_64 | 1.3-7 | 24.00 | 66.00 | 90.00 | OK | |
r-patched-linux-x86_64 | 1.3-7 | 9.58 | 41.97 | 51.55 | OK | |
r-release-linux-x86_64 | 1.3-7 | 9.48 | 41.57 | 51.05 | OK | |
r-release-macos-arm64 | 1.3-7 | 32.00 | OK | |||
r-release-macos-x86_64 | 1.3-7 | 50.00 | OK | |||
r-release-windows-x86_64 | 1.3-7 | 23.00 | 67.00 | 90.00 | OK | |
r-oldrel-macos-arm64 | 1.3-7 | 36.00 | OK | |||
r-oldrel-macos-x86_64 | 1.3-7 | 42.00 | OK | |||
r-oldrel-windows-x86_64 | 1.3-7 | 18.00 | 60.00 | 78.00 | OK |
Version: 1.3-7
Check: CRAN incoming feasibility
Result: NOTE
Maintainer: ‘Terry Therneau <therneau.terry@mayo.edu>’
No Authors@R field in DESCRIPTION.
Please add one, modifying
Authors@R: person(given = "Terry",
family = "Therneau",
role = c("aut", "cre"),
email = "therneau.terry@mayo.edu")
as necessary.
Flavors: r-devel-linux-x86_64-debian-clang, r-devel-linux-x86_64-debian-gcc