CRAN Package Check Results for Package beeca

Last updated on 2025-07-03 03:49:36 CEST.

Flavor Version Tinstall Tcheck Ttotal Status Flags
r-devel-linux-x86_64-debian-clang 0.2.0 4.25 54.78 59.03 NOTE
r-devel-linux-x86_64-debian-gcc 0.2.0 3.19 40.37 43.56 NOTE
r-devel-linux-x86_64-fedora-clang 0.2.0 91.87 NOTE
r-devel-linux-x86_64-fedora-gcc 0.2.0 103.18 NOTE
r-devel-windows-x86_64 0.2.0 6.00 72.00 78.00 NOTE
r-patched-linux-x86_64 0.2.0 4.35 50.62 54.97 NOTE
r-release-linux-x86_64 0.2.0 3.05 49.61 52.66 NOTE
r-release-macos-arm64 0.2.0 56.00 NOTE
r-release-macos-x86_64 0.2.0 73.00 NOTE
r-release-windows-x86_64 0.2.0 6.00 82.00 88.00 NOTE
r-oldrel-macos-arm64 0.2.0 200.00 OK
r-oldrel-macos-x86_64 0.2.0 221.00 OK
r-oldrel-windows-x86_64 0.2.0 8.00 90.00 98.00 OK

Check Details

Version: 0.2.0
Check: DESCRIPTION meta-information
Result: NOTE Missing dependency on R >= 4.1.0 because package code uses the pipe |> or function shorthand \(...) syntax added in R 4.1.0. File(s) using such syntax: ‘apply_contrast.R’ ‘apply_contrast.Rd’ ‘average_predictions.Rd’ ‘estimate_varcov.R’ ‘estimate_varcov.Rd’ ‘get_marginal_effect.R’ ‘get_marginal_effect.Rd’ ‘predict_counterfactuals.R’ Flavors: r-devel-linux-x86_64-debian-clang, r-devel-linux-x86_64-debian-gcc, r-devel-linux-x86_64-fedora-clang, r-devel-linux-x86_64-fedora-gcc, r-devel-windows-x86_64, r-patched-linux-x86_64, r-release-linux-x86_64, r-release-macos-arm64, r-release-macos-x86_64, r-release-windows-x86_64