Last updated on 2025-05-07 03:50:55 CEST.
Flavor | Version | Tinstall | Tcheck | Ttotal | Status | Flags |
---|---|---|---|---|---|---|
r-devel-linux-x86_64-debian-clang | 3.2-2 | 16.46 | 190.19 | 206.65 | NOTE | |
r-devel-linux-x86_64-debian-gcc | 3.2-2 | 9.77 | 126.81 | 136.58 | NOTE | |
r-devel-linux-x86_64-fedora-clang | 3.2-2 | 349.37 | NOTE | |||
r-devel-linux-x86_64-fedora-gcc | 3.2-2 | 331.79 | NOTE | |||
r-devel-windows-x86_64 | 3.2-2 | 18.00 | 197.00 | 215.00 | NOTE | |
r-patched-linux-x86_64 | 3.2-2 | 14.64 | 181.33 | 195.97 | NOTE | |
r-release-linux-x86_64 | 3.2-2 | 13.76 | 180.42 | 194.18 | NOTE | |
r-release-macos-arm64 | 3.2-2 | 75.00 | OK | |||
r-release-macos-x86_64 | 3.2-2 | 258.00 | OK | |||
r-release-windows-x86_64 | 3.2-2 | 18.00 | 193.00 | 211.00 | NOTE | |
r-oldrel-macos-arm64 | 3.2-2 | 77.00 | OK | |||
r-oldrel-macos-x86_64 | 3.2-2 | 295.00 | OK | |||
r-oldrel-windows-x86_64 | 3.2-2 | 24.00 | 252.00 | 276.00 | OK |
Version: 3.2-2
Check: differences from ‘betareg-Ex.Rout’ to ‘betareg-Ex.Rout.save’
Result: NOTE
909c909
< This is mgcv 1.9-3. For overview type 'help("mgcv-package")'.
---
> This is mgcv 1.9-1. For overview type 'help("mgcv-package")'.
Flavors: r-devel-linux-x86_64-debian-clang, r-devel-linux-x86_64-debian-gcc, r-devel-linux-x86_64-fedora-clang, r-devel-linux-x86_64-fedora-gcc, r-devel-windows-x86_64, r-patched-linux-x86_64, r-release-linux-x86_64, r-release-windows-x86_64