Last updated on 2025-05-06 03:50:57 CEST.
Flavor | Version | Tinstall | Tcheck | Ttotal | Status | Flags |
---|---|---|---|---|---|---|
r-devel-linux-x86_64-debian-clang | 2.2-1 | 18.07 | 103.38 | 121.45 | NOTE | |
r-devel-linux-x86_64-debian-gcc | 2.2-1 | 11.07 | 65.87 | 76.94 | NOTE | |
r-devel-linux-x86_64-fedora-clang | 2.2-1 | 190.23 | OK | |||
r-devel-linux-x86_64-fedora-gcc | 2.2-1 | 182.40 | OK | |||
r-devel-windows-x86_64 | 2.2-1 | 17.00 | 113.00 | 130.00 | OK | |
r-patched-linux-x86_64 | 2.2-1 | 17.00 | 97.97 | 114.97 | OK | |
r-release-linux-x86_64 | 2.2-1 | 16.35 | 95.72 | 112.07 | OK | |
r-release-macos-arm64 | 2.2-1 | 46.00 | OK | |||
r-release-macos-x86_64 | 2.2-1 | 90.00 | OK | |||
r-release-windows-x86_64 | 2.2-1 | 17.00 | 114.00 | 131.00 | OK | |
r-oldrel-macos-arm64 | 2.2-1 | 44.00 | OK | |||
r-oldrel-macos-x86_64 | 2.2-1 | 71.00 | OK | |||
r-oldrel-windows-x86_64 | 2.2-1 | 24.00 | 139.00 | 163.00 | OK |
Version: 2.2-1
Check: CRAN incoming feasibility
Result: NOTE
Maintainer: ‘Frank Schaarschmidt <schaarschmidt@biostat.uni-hannover.de>’
File 'R/binGroup-internal.R' sets .Random.seed.
This is usually neither needed nor wanted.
Flavors: r-devel-linux-x86_64-debian-clang, r-devel-linux-x86_64-debian-gcc