Last updated on 2025-05-07 03:50:55 CEST.
Flavor | Version | Tinstall | Tcheck | Ttotal | Status | Flags |
---|---|---|---|---|---|---|
r-devel-linux-x86_64-debian-clang | 0.0.7 | 2.97 | 48.87 | 51.84 | NOTE | |
r-devel-linux-x86_64-debian-gcc | 0.0.7 | 2.28 | 38.17 | 40.45 | NOTE | |
r-devel-linux-x86_64-fedora-clang | 0.0.7 | 81.02 | OK | |||
r-devel-linux-x86_64-fedora-gcc | 0.0.7 | 94.37 | OK | |||
r-devel-windows-x86_64 | 0.0.7 | 4.00 | 91.00 | 95.00 | OK | |
r-patched-linux-x86_64 | 0.0.7 | 2.59 | 47.10 | 49.69 | OK | |
r-release-linux-x86_64 | 0.0.7 | 2.71 | 46.22 | 48.93 | OK | |
r-release-macos-arm64 | 0.0.7 | 53.00 | OK | |||
r-release-macos-x86_64 | 0.0.7 | 76.00 | OK | |||
r-release-windows-x86_64 | 0.0.7 | 5.00 | 91.00 | 96.00 | OK | |
r-oldrel-macos-arm64 | 0.0.7 | 41.00 | OK | |||
r-oldrel-macos-x86_64 | 0.0.7 | 79.00 | OK | |||
r-oldrel-windows-x86_64 | 0.0.7 | 6.00 | 106.00 | 112.00 | OK |
Version: 0.0.7
Check: CRAN incoming feasibility
Result: NOTE
Maintainer: ‘Dirk Eddelbuettel <edd@debian.org>’
No Authors@R field in DESCRIPTION.
Please add one, modifying
Authors@R: c(person(given = "Dirk",
family = "Eddelbuettel",
role = c("aut", "cre"),
email = "edd@debian.org"),
person(given = "Ista",
family = "Zahn",
role = "aut"),
person(given = "Rob",
family = "Hyndman",
role = "aut"))
as necessary.
Flavors: r-devel-linux-x86_64-debian-clang, r-devel-linux-x86_64-debian-gcc