Last updated on 2025-05-04 03:50:48 CEST.
Flavor | Version | Tinstall | Tcheck | Ttotal | Status | Flags |
---|---|---|---|---|---|---|
r-devel-linux-x86_64-debian-clang | 1.1.1 | 2.15 | 20.57 | 22.72 | NOTE | |
r-devel-linux-x86_64-debian-gcc | 1.1.1 | 1.53 | 16.38 | 17.91 | NOTE | |
r-devel-linux-x86_64-fedora-clang | 1.1.1 | 35.12 | NOTE | |||
r-devel-linux-x86_64-fedora-gcc | 1.1.1 | 34.57 | NOTE | |||
r-devel-windows-x86_64 | 1.1.1 | 3.00 | 44.00 | 47.00 | NOTE | |
r-patched-linux-x86_64 | 1.1.1 | 2.05 | 19.39 | 21.44 | NOTE | |
r-release-linux-x86_64 | NOTE | |||||
r-release-macos-arm64 | 1.1.1 | 17.00 | NOTE | |||
r-release-macos-x86_64 | 1.1.1 | 39.00 | NOTE | |||
r-release-windows-x86_64 | 1.1.1 | 3.00 | 46.00 | 49.00 | NOTE | |
r-oldrel-macos-arm64 | 1.1.1 | 20.00 | NOTE | |||
r-oldrel-macos-x86_64 | 1.1.1 | 24.00 | NOTE | |||
r-oldrel-windows-x86_64 | 1.1.1 | 3.00 | 43.00 | 46.00 | NOTE |
Version: 1.1.1
Check: CRAN incoming feasibility
Result: NOTE
Maintainer: ‘Sergei Izrailev <sizrailev@jabiruventures.com>’
No Authors@R field in DESCRIPTION.
Please add one, modifying
Authors@R: person(given = "Sergei",
family = "Izrailev",
role = c("aut", "cre"),
email = "sizrailev@jabiruventures.com")
as necessary.
Flavors: r-devel-linux-x86_64-debian-clang, r-devel-linux-x86_64-debian-gcc
Version: 1.1.1
Check: Rd files
Result: NOTE
checkRd: (-1) bins.Rd:46: Lost braces in \itemize; \value handles \item{}{} directly
checkRd: (-1) bins.Rd:47: Lost braces in \itemize; \value handles \item{}{} directly
checkRd: (-1) bins.Rd:48: Lost braces in \itemize; \value handles \item{}{} directly
checkRd: (-1) bins.Rd:49: Lost braces in \itemize; \value handles \item{}{} directly
checkRd: (-1) bins.Rd:50: Lost braces in \itemize; \value handles \item{}{} directly
checkRd: (-1) bins.Rd:51: Lost braces in \itemize; \value handles \item{}{} directly
checkRd: (-1) bins.Rd:52: Lost braces in \itemize; \value handles \item{}{} directly
checkRd: (-1) bins.Rd:53: Lost braces in \itemize; \value handles \item{}{} directly
checkRd: (-1) bins.Rd:54: Lost braces in \itemize; \value handles \item{}{} directly
checkRd: (-1) bins.Rd:55: Lost braces in \itemize; \value handles \item{}{} directly
checkRd: (-1) bins.greedy.Rd:45: Lost braces in \itemize; \value handles \item{}{} directly
checkRd: (-1) bins.greedy.Rd:46: Lost braces in \itemize; \value handles \item{}{} directly
checkRd: (-1) bins.greedy.Rd:47: Lost braces in \itemize; \value handles \item{}{} directly
checkRd: (-1) bins.greedy.Rd:48: Lost braces in \itemize; \value handles \item{}{} directly
checkRd: (-1) bins.greedy.Rd:49: Lost braces in \itemize; \value handles \item{}{} directly
checkRd: (-1) bins.optimize.Rd:54: Lost braces in \itemize; \value handles \item{}{} directly
checkRd: (-1) bins.optimize.Rd:55: Lost braces in \itemize; \value handles \item{}{} directly
checkRd: (-1) bins.optimize.Rd:56: Lost braces in \itemize; \value handles \item{}{} directly
checkRd: (-1) bins.optimize.Rd:57: Lost braces in \itemize; \value handles \item{}{} directly
checkRd: (-1) bins.optimize.Rd:58: Lost braces in \itemize; \value handles \item{}{} directly
checkRd: (-1) bins.optimize.Rd:59: Lost braces in \itemize; \value handles \item{}{} directly
checkRd: (-1) bins.optimize.Rd:60: Lost braces in \itemize; \value handles \item{}{} directly
checkRd: (-1) bins.optimize.Rd:61: Lost braces in \itemize; \value handles \item{}{} directly
checkRd: (-1) bins.optimize.Rd:62: Lost braces in \itemize; \value handles \item{}{} directly
checkRd: (-1) bins.optimize.Rd:63: Lost braces in \itemize; \value handles \item{}{} directly
Flavors: r-devel-linux-x86_64-debian-clang, r-devel-linux-x86_64-debian-gcc, r-devel-linux-x86_64-fedora-clang, r-devel-linux-x86_64-fedora-gcc, r-devel-windows-x86_64, r-patched-linux-x86_64, r-release-linux-x86_64, r-release-macos-arm64, r-release-macos-x86_64, r-release-windows-x86_64, r-oldrel-macos-arm64, r-oldrel-macos-x86_64, r-oldrel-windows-x86_64