Last updated on 2025-05-07 03:50:55 CEST.
Flavor | Version | Tinstall | Tcheck | Ttotal | Status | Flags |
---|---|---|---|---|---|---|
r-devel-linux-x86_64-debian-clang | 0.4.0 | 25.85 | 226.76 | 252.61 | NOTE | |
r-devel-linux-x86_64-debian-gcc | 0.4.0 | 17.01 | 140.87 | 157.88 | NOTE | |
r-devel-linux-x86_64-fedora-clang | 0.4.0 | 401.08 | OK | |||
r-devel-linux-x86_64-fedora-gcc | 0.4.0 | 385.18 | OK | |||
r-devel-windows-x86_64 | 0.4.0 | 24.00 | 172.00 | 196.00 | OK | |
r-patched-linux-x86_64 | 0.4.0 | 25.31 | 211.44 | 236.75 | OK | |
r-release-linux-x86_64 | 0.4.0 | 27.37 | 209.57 | 236.94 | OK | |
r-release-macos-arm64 | 0.4.0 | 91.00 | OK | |||
r-release-macos-x86_64 | 0.4.0 | 173.00 | OK | |||
r-release-windows-x86_64 | 0.4.0 | 25.00 | 177.00 | 202.00 | OK | |
r-oldrel-macos-arm64 | 0.4.0 | 78.00 | OK | |||
r-oldrel-macos-x86_64 | 0.4.0 | 141.00 | OK | |||
r-oldrel-windows-x86_64 | 0.4.0 | 35.00 | 239.00 | 274.00 | OK |
Version: 0.4.0
Check: CRAN incoming feasibility
Result: NOTE
Maintainer: ‘Roberto Serrano-Notivoli <roberto.serrano@unizar.es>’
No Authors@R field in DESCRIPTION.
Please add one, modifying
Authors@R: person(given = "Roberto",
family = "Serrano-Notivoli",
role = c("aut", "cre"),
email = "roberto.serrano@unizar.es")
as necessary.
Flavors: r-devel-linux-x86_64-debian-clang, r-devel-linux-x86_64-debian-gcc