Last updated on 2025-05-07 03:50:55 CEST.
Flavor | Version | Tinstall | Tcheck | Ttotal | Status | Flags |
---|---|---|---|---|---|---|
r-devel-linux-x86_64-debian-clang | 0.3 | 1.61 | 20.51 | 22.12 | NOTE | |
r-devel-linux-x86_64-debian-gcc | 0.3 | 1.36 | 16.70 | 18.06 | NOTE | |
r-devel-linux-x86_64-fedora-clang | 0.3 | 32.44 | OK | |||
r-devel-linux-x86_64-fedora-gcc | 0.3 | 30.71 | OK | |||
r-devel-windows-x86_64 | 0.3 | 3.00 | 44.00 | 47.00 | OK | |
r-patched-linux-x86_64 | 0.3 | 1.62 | 18.19 | 19.81 | OK | |
r-release-linux-x86_64 | 0.3 | 1.50 | 18.34 | 19.84 | OK | |
r-release-macos-arm64 | 0.3 | 16.00 | OK | |||
r-release-macos-x86_64 | 0.3 | 26.00 | OK | |||
r-release-windows-x86_64 | 0.3 | 3.00 | 46.00 | 49.00 | OK | |
r-oldrel-macos-arm64 | 0.3 | 22.00 | OK | |||
r-oldrel-macos-x86_64 | 0.3 | 21.00 | OK | |||
r-oldrel-windows-x86_64 | 0.3 | 4.00 | 47.00 | 51.00 | OK |
Version: 0.3
Check: CRAN incoming feasibility
Result: NOTE
Maintainer: ‘Gregory Jefferis <jefferis@gmail.com>’
No Authors@R field in DESCRIPTION.
Please add one, modifying
Authors@R: person(given = "Gregory",
family = "Jefferis",
role = c("aut", "cre"),
email = "jefferis@gmail.com")
as necessary.
Flavors: r-devel-linux-x86_64-debian-clang, r-devel-linux-x86_64-debian-gcc