Last updated on 2025-05-07 03:50:55 CEST.
Flavor | Version | Tinstall | Tcheck | Ttotal | Status | Flags |
---|---|---|---|---|---|---|
r-devel-linux-x86_64-debian-clang | 0.1.1 | 9.67 | 34.41 | 44.08 | NOTE | |
r-devel-linux-x86_64-debian-gcc | 0.1.1 | 7.95 | 23.39 | 31.34 | NOTE | |
r-devel-linux-x86_64-fedora-clang | 0.1.1 | 65.97 | OK | |||
r-devel-linux-x86_64-fedora-gcc | 0.1.1 | 65.68 | OK | |||
r-devel-windows-x86_64 | 0.1.1 | 14.00 | 68.00 | 82.00 | OK | |
r-patched-linux-x86_64 | 0.1.1 | 11.17 | 27.51 | 38.68 | OK | |
r-release-linux-x86_64 | 0.1.1 | 9.79 | 27.56 | 37.35 | OK | |
r-release-macos-arm64 | 0.1.1 | 24.00 | OK | |||
r-release-macos-x86_64 | 0.1.1 | 57.00 | OK | |||
r-release-windows-x86_64 | 0.1.1 | 13.00 | 65.00 | 78.00 | OK | |
r-oldrel-macos-arm64 | 0.1.1 | 28.00 | OK | |||
r-oldrel-macos-x86_64 | 0.1.1 | 37.00 | OK | |||
r-oldrel-windows-x86_64 | 0.1.1 | 12.00 | 76.00 | 88.00 | OK |
Version: 0.1.1
Check: CRAN incoming feasibility
Result: NOTE
Maintainer: ‘Ville Satopää <ville.satopaa@gmail.com>’
Package CITATION file contains call(s) to old-style personList() or
as.personList(). Please use c() on person objects instead.
Package CITATION file contains call(s) to old-style citEntry(). Please
use bibentry() instead.
Flavors: r-devel-linux-x86_64-debian-clang, r-devel-linux-x86_64-debian-gcc