Last updated on 2025-05-06 03:50:58 CEST.
Flavor | Version | Tinstall | Tcheck | Ttotal | Status | Flags |
---|---|---|---|---|---|---|
r-devel-linux-x86_64-debian-clang | 1.2 | 13.67 | 94.66 | 108.33 | NOTE | |
r-devel-linux-x86_64-debian-gcc | 1.2 | 10.69 | 64.76 | 75.45 | NOTE | |
r-devel-linux-x86_64-fedora-clang | 1.2 | 161.99 | OK | |||
r-devel-linux-x86_64-fedora-gcc | 1.2 | 159.02 | OK | |||
r-devel-windows-x86_64 | 1.2 | 16.00 | 94.00 | 110.00 | OK | |
r-patched-linux-x86_64 | 1.2 | 12.47 | 90.93 | 103.40 | OK | |
r-release-linux-x86_64 | 1.2 | 14.40 | 87.52 | 101.92 | OK | |
r-release-macos-arm64 | 1.2 | 114.00 | OK | |||
r-release-macos-x86_64 | 1.2 | 80.00 | OK | |||
r-release-windows-x86_64 | 1.2 | 15.00 | 94.00 | 109.00 | OK | |
r-oldrel-macos-arm64 | 1.2 | 42.00 | OK | |||
r-oldrel-macos-x86_64 | 1.2 | 68.00 | OK | |||
r-oldrel-windows-x86_64 | 1.2 | 20.00 | 116.00 | 136.00 | OK |
Version: 1.2
Check: CRAN incoming feasibility
Result: NOTE
Maintainer: ‘Priyadarshana W.J.R.M. <mjayawardana@swin.edu.au>’
No Authors@R field in DESCRIPTION.
Please add one, modifying
Authors@R: c(person(given = "Priyadarshana",
family = "W.J.R.M.",
role = c("aut", "cre"),
email = "mjayawardana@swin.edu.au"),
person(given = "Georgy",
family = "Sofronov",
role = "aut"))
as necessary.
File 'R/breakpoint-internal.R' sets .Random.seed.
This is usually neither needed nor wanted.
Flavors: r-devel-linux-x86_64-debian-clang, r-devel-linux-x86_64-debian-gcc