Last updated on 2025-11-04 03:50:45 CET.
| Flavor | Version | Tinstall | Tcheck | Ttotal | Status | Flags | 
|---|---|---|---|---|---|---|
| r-devel-linux-x86_64-debian-clang | 1.1.5 | 3.19 | 23.00 | 26.19 | OK | |
| r-devel-linux-x86_64-debian-gcc | 1.1.5 | 2.83 | 18.39 | 21.22 | OK | |
| r-devel-linux-x86_64-fedora-clang | 1.1.5 | 12.00 | 25.32 | 37.32 | OK | |
| r-devel-linux-x86_64-fedora-gcc | 1.1.5 | 36.50 | OK | |||
| r-devel-windows-x86_64 | 1.1.5 | 13.00 | 44.00 | 57.00 | OK | |
| r-patched-linux-x86_64 | 1.1.5 | 2.98 | 20.93 | 23.91 | OK | |
| r-release-linux-x86_64 | 1.1.5 | 2.78 | 21.01 | 23.79 | OK | |
| r-release-macos-arm64 | 1.1.5 | 3.00 | 17.00 | 20.00 | OK | |
| r-release-macos-x86_64 | 1.1.5 | 6.00 | 25.00 | 31.00 | OK | |
| r-release-windows-x86_64 | 1.1.5 | 1.00 | 5.00 | 6.00 | ERROR | |
| r-oldrel-macos-arm64 | 1.1.5 | 11.00 | 20.00 | 31.00 | OK | |
| r-oldrel-macos-x86_64 | 1.1.5 | 3.00 | 22.00 | 25.00 | OK | |
| r-oldrel-windows-x86_64 | 1.1.5 | 14.00 | 50.00 | 64.00 | OK | 
Version: 1.1.5
Check: whether package can be installed
Result: ERROR
  Installation failed.
Flavor: r-release-windows-x86_64