Last updated on 2025-05-06 03:50:58 CEST.
Flavor | Version | Tinstall | Tcheck | Ttotal | Status | Flags |
---|---|---|---|---|---|---|
r-devel-linux-x86_64-debian-clang | 0.0.61 | 11.66 | 27.08 | 38.74 | NOTE | |
r-devel-linux-x86_64-debian-gcc | 0.0.61 | 9.21 | 21.00 | 30.21 | NOTE | |
r-devel-linux-x86_64-fedora-clang | 0.0.61 | 65.62 | OK | |||
r-devel-linux-x86_64-fedora-gcc | 0.0.61 | 67.67 | OK | |||
r-devel-windows-x86_64 | 0.0.61 | 16.00 | 63.00 | 79.00 | OK | |
r-patched-linux-x86_64 | 0.0.61 | 14.15 | 25.48 | 39.63 | OK | |
r-release-linux-x86_64 | 0.0.61 | 13.52 | 25.29 | 38.81 | OK | |
r-release-macos-arm64 | 0.0.61 | 24.00 | OK | |||
r-release-macos-x86_64 | 0.0.61 | 39.00 | OK | |||
r-release-windows-x86_64 | 0.0.61 | 17.00 | 67.00 | 84.00 | OK | |
r-oldrel-macos-arm64 | 0.0.61 | 29.00 | OK | |||
r-oldrel-macos-x86_64 | 0.0.61 | 33.00 | OK | |||
r-oldrel-windows-x86_64 | 0.0.61 | 17.00 | 76.00 | 93.00 | OK |
Version: 0.0.61
Check: CRAN incoming feasibility
Result: NOTE
Maintainer: ‘Marco Giuliano <mgiuliano.mail@gmail.com>’
No Authors@R field in DESCRIPTION.
Please add one, modifying
Authors@R: person(given = "Marco",
family = "Giuliano",
role = c("aut", "cre"),
email = "mgiuliano.mail@gmail.com")
as necessary.
Flavors: r-devel-linux-x86_64-debian-clang, r-devel-linux-x86_64-debian-gcc