Last updated on 2025-05-04 03:50:49 CEST.
Flavor | Version | Tinstall | Tcheck | Ttotal | Status | Flags |
---|---|---|---|---|---|---|
r-devel-linux-x86_64-debian-clang | 0.1.0 | 1.28 | 15.48 | 16.76 | NOTE | |
r-devel-linux-x86_64-debian-gcc | 0.1.0 | 1.26 | 13.01 | 14.27 | NOTE | |
r-devel-linux-x86_64-fedora-clang | 0.1.0 | 26.86 | OK | |||
r-devel-linux-x86_64-fedora-gcc | 0.1.0 | 25.20 | OK | |||
r-devel-windows-x86_64 | 0.1.0 | 3.00 | 33.00 | 36.00 | OK | |
r-patched-linux-x86_64 | 0.1.0 | 1.45 | 15.17 | 16.62 | OK | |
r-release-linux-x86_64 | OK | |||||
r-release-macos-arm64 | 0.1.0 | 14.00 | OK | |||
r-release-macos-x86_64 | 0.1.0 | 21.00 | OK | |||
r-release-windows-x86_64 | 0.1.0 | 4.00 | 35.00 | 39.00 | OK | |
r-oldrel-macos-arm64 | 0.1.0 | 17.00 | OK | |||
r-oldrel-macos-x86_64 | 0.1.0 | 17.00 | OK | |||
r-oldrel-windows-x86_64 | 0.1.0 | 2.00 | 33.00 | 35.00 | OK |
Version: 0.1.0
Check: CRAN incoming feasibility
Result: NOTE
Maintainer: ‘Philipp Ottolinger <philipp@ottolinger.de>’
No Authors@R field in DESCRIPTION.
Please add one, modifying
Authors@R: person(given = "Philipp",
family = "Ottolinger",
role = c("aut", "cre"),
email = "philipp@ottolinger.de")
as necessary.
Flavors: r-devel-linux-x86_64-debian-clang, r-devel-linux-x86_64-debian-gcc