Last updated on 2025-05-06 03:50:58 CEST.
Flavor | Version | Tinstall | Tcheck | Ttotal | Status | Flags |
---|---|---|---|---|---|---|
r-devel-linux-x86_64-debian-clang | 1.3 | 3.83 | 38.87 | 42.70 | NOTE | |
r-devel-linux-x86_64-debian-gcc | 1.3 | 2.97 | 25.03 | 28.00 | NOTE | |
r-devel-linux-x86_64-fedora-clang | 1.3 | 74.15 | OK | |||
r-devel-linux-x86_64-fedora-gcc | 1.3 | 70.20 | OK | |||
r-devel-windows-x86_64 | 1.3 | 5.00 | 59.00 | 64.00 | OK | |
r-patched-linux-x86_64 | 1.3 | 3.50 | 38.71 | 42.21 | OK | |
r-release-linux-x86_64 | 1.3 | 3.24 | 36.40 | 39.64 | OK | |
r-release-macos-arm64 | 1.3 | 25.00 | OK | |||
r-release-macos-x86_64 | 1.3 | 52.00 | OK | |||
r-release-windows-x86_64 | 1.3 | 6.00 | 60.00 | 66.00 | OK | |
r-oldrel-macos-arm64 | 1.3 | 28.00 | OK | |||
r-oldrel-macos-x86_64 | 1.3 | 36.00 | OK | |||
r-oldrel-windows-x86_64 | 1.3 | 5.00 | 60.00 | 65.00 | OK |
Version: 1.3
Check: CRAN incoming feasibility
Result: NOTE
Maintainer: ‘Carlos Biagolini-Jr.<c.biagolini@gmail.com>’
No Authors@R field in DESCRIPTION.
Please add one, modifying
Authors@R: person(given = "Carlos",
family = "Biagolini-Jr.",
role = c("aut", "cre"),
email = "c.biagolini@gmail.com")
as necessary.
Flavors: r-devel-linux-x86_64-debian-clang, r-devel-linux-x86_64-debian-gcc