Last updated on 2025-10-31 02:50:27 CET.
| Flavor | Version | Tinstall | Tcheck | Ttotal | Status | Flags | 
|---|---|---|---|---|---|---|
| r-devel-linux-x86_64-debian-clang | 1.3 | 3.79 | 42.38 | 46.17 | NOTE | |
| r-devel-linux-x86_64-debian-gcc | 1.3 | 2.64 | 26.89 | 29.53 | NOTE | |
| r-devel-linux-x86_64-fedora-clang | 1.3 | 72.91 | OK | |||
| r-devel-linux-x86_64-fedora-gcc | 1.3 | 70.44 | OK | |||
| r-devel-windows-x86_64 | 1.3 | 5.00 | 57.00 | 62.00 | OK | |
| r-patched-linux-x86_64 | 1.3 | 3.67 | 40.82 | 44.49 | OK | |
| r-release-linux-x86_64 | 1.3 | 4.09 | 40.03 | 44.12 | OK | |
| r-release-macos-arm64 | 1.3 | 2.00 | 23.00 | 25.00 | OK | |
| r-release-macos-x86_64 | 1.3 | 4.00 | 48.00 | 52.00 | OK | |
| r-release-windows-x86_64 | 1.3 | 6.00 | 60.00 | 66.00 | OK | |
| r-oldrel-macos-arm64 | 1.3 | 2.00 | 26.00 | 28.00 | OK | |
| r-oldrel-macos-x86_64 | 1.3 | 3.00 | 33.00 | 36.00 | OK | |
| r-oldrel-windows-x86_64 | 1.3 | 5.00 | 60.00 | 65.00 | OK | 
Version: 1.3
Check: CRAN incoming feasibility
Result: NOTE
  Maintainer: ‘Carlos Biagolini-Jr.<c.biagolini@gmail.com>’
  
  No Authors@R field in DESCRIPTION.
  Please add one, modifying
    Authors@R: person(given = "Carlos",
                      family = "Biagolini-Jr.",
                      role = c("aut", "cre"),
                      email = "c.biagolini@gmail.com")
  as necessary.
Flavors: r-devel-linux-x86_64-debian-clang, r-devel-linux-x86_64-debian-gcc