CRAN Package Check Results for Package calibmsm

Last updated on 2025-05-06 03:50:58 CEST.

Flavor Version Tinstall Tcheck Ttotal Status Flags
r-devel-linux-x86_64-debian-clang 1.1.1 6.80 565.78 572.58 NOTE
r-devel-linux-x86_64-debian-gcc 1.1.1 4.46 426.98 431.44 NOTE
r-devel-linux-x86_64-fedora-clang 1.1.1 877.37 NOTE
r-devel-linux-x86_64-fedora-gcc 1.1.1 911.63 NOTE
r-devel-windows-x86_64 1.1.1 9.00 541.00 550.00 NOTE
r-patched-linux-x86_64 1.1.1 6.64 624.43 631.07 NOTE
r-release-linux-x86_64 1.1.1 6.30 626.13 632.43 NOTE
r-release-macos-arm64 1.1.1 381.00 NOTE
r-release-macos-x86_64 1.1.1 713.00 NOTE
r-release-windows-x86_64 1.1.1 9.00 528.00 537.00 NOTE
r-oldrel-macos-arm64 1.1.1 259.00 OK
r-oldrel-macos-x86_64 1.1.1 418.00 OK
r-oldrel-windows-x86_64 1.1.1 10.00 783.00 793.00 OK

Check Details

Version: 1.1.1
Check: DESCRIPTION meta-information
Result: NOTE Missing dependency on R >= 4.1.0 because package code uses the pipe |> or function shorthand \(...) syntax added in R 4.1.0. File(s) using such syntax: ‘internal_calib_aj.R’ ‘internal_calib_pv.R’ ‘internal_extract_ids_states.R’ ‘plot.calib_mlr.Rd’ ‘plot_calib.R’ ‘weights.R’ Flavors: r-devel-linux-x86_64-debian-clang, r-devel-linux-x86_64-debian-gcc, r-devel-linux-x86_64-fedora-clang, r-devel-linux-x86_64-fedora-gcc, r-devel-windows-x86_64, r-patched-linux-x86_64, r-release-linux-x86_64, r-release-macos-arm64, r-release-windows-x86_64

Version: 1.1.1
Check: DESCRIPTION meta-information
Result: NOTE Missing dependency on R >= 4.1.0 because package code uses the pipe |> or function shorthand \(...) syntax added in R 4.1.0. File(s) using such syntax: ‘internal_calib_aj.R’ ‘internal_calib_pv.R’ ‘internal_extract_ids_states.R’ ‘plot_calib.R’ ‘weights.R’ Flavor: r-release-macos-x86_64