Last updated on 2025-05-04 03:50:49 CEST.
Flavor | Version | Tinstall | Tcheck | Ttotal | Status | Flags |
---|---|---|---|---|---|---|
r-devel-linux-x86_64-debian-clang | 1.7.7 | 2.28 | 30.98 | 33.26 | NOTE | |
r-devel-linux-x86_64-debian-gcc | 1.7.7 | 1.91 | 24.67 | 26.58 | NOTE | |
r-devel-linux-x86_64-fedora-clang | 1.7.7 | 52.60 | OK | |||
r-devel-linux-x86_64-fedora-gcc | 1.7.7 | 64.25 | OK | |||
r-devel-windows-x86_64 | 1.7.7 | 4.00 | 77.00 | 81.00 | OK | |
r-patched-linux-x86_64 | 1.7.7 | 2.84 | 30.18 | 33.02 | OK | |
r-release-linux-x86_64 | OK | |||||
r-release-macos-arm64 | 1.7.7 | 30.00 | OK | |||
r-release-macos-x86_64 | 1.7.7 | 51.00 | OK | |||
r-release-windows-x86_64 | 1.7.7 | 4.00 | 65.00 | 69.00 | OK | |
r-oldrel-macos-arm64 | 1.7.7 | 31.00 | OK | |||
r-oldrel-macos-x86_64 | 1.7.7 | 40.00 | OK | |||
r-oldrel-windows-x86_64 | 1.7.7 | 4.00 | 67.00 | 71.00 | OK |
Version: 1.7.7
Check: CRAN incoming feasibility
Result: NOTE
Maintainer: ‘Jan Graffelman <jan.graffelman@upc.edu>’
No Authors@R field in DESCRIPTION.
Please add one, modifying
Authors@R: person(given = "Jan",
family = "Graffelman",
role = c("aut", "cre"),
email = "jan.graffelman@upc.edu")
as necessary.
Package CITATION file contains call(s) to old-style personList() or
as.personList(). Please use c() on person objects instead.
Package CITATION file contains call(s) to old-style citEntry(). Please
use bibentry() instead.
Flavors: r-devel-linux-x86_64-debian-clang, r-devel-linux-x86_64-debian-gcc