Last updated on 2025-07-03 03:49:37 CEST.
Flavor | Version | Tinstall | Tcheck | Ttotal | Status | Flags |
---|---|---|---|---|---|---|
r-devel-linux-x86_64-debian-clang | 2.3.0 | 52.75 | 448.80 | 501.55 | NOTE | |
r-devel-linux-x86_64-debian-gcc | 2.3.0 | 37.68 | 288.01 | 325.69 | NOTE | |
r-devel-linux-x86_64-fedora-clang | 2.3.0 | 782.63 | OK | |||
r-devel-linux-x86_64-fedora-gcc | 2.3.0 | 760.83 | OK | |||
r-devel-windows-x86_64 | 2.3.0 | 49.00 | 320.00 | 369.00 | NOTE | |
r-patched-linux-x86_64 | 2.3.0 | 51.42 | 426.07 | 477.49 | NOTE | |
r-release-linux-x86_64 | 2.3.0 | 53.65 | 421.35 | 475.00 | NOTE | |
r-release-macos-arm64 | 2.3.0 | 172.00 | OK | |||
r-release-macos-x86_64 | 2.3.0 | 324.00 | OK | |||
r-release-windows-x86_64 | 2.3.0 | 50.00 | 324.00 | 374.00 | NOTE | |
r-oldrel-macos-arm64 | 2.3.0 | 147.00 | NOTE | |||
r-oldrel-macos-x86_64 | 2.3.0 | 250.00 | NOTE | |||
r-oldrel-windows-x86_64 | 2.3.0 | 71.00 | 450.00 | 521.00 | NOTE |
Version: 2.3.0
Check: Rd cross-references
Result: NOTE
Found the following Rd file(s) with Rd \link{} targets missing package
anchors:
plot_coef-commOccu-method.Rd: fit
plot_effects-commOccu-method.Rd: fit
predict-commOccu-method.Rd: fit
Please provide package anchors for all Rd \link{} targets not in the
package itself and the base packages.
Flavors: r-devel-linux-x86_64-debian-clang, r-devel-linux-x86_64-debian-gcc, r-devel-windows-x86_64, r-patched-linux-x86_64, r-release-linux-x86_64, r-release-windows-x86_64
Version: 2.3.0
Check: installed package size
Result: NOTE
installed size is 7.4Mb
sub-directories of 1Mb or more:
doc 2.2Mb
pictures 4.1Mb
Flavors: r-oldrel-macos-arm64, r-oldrel-macos-x86_64, r-oldrel-windows-x86_64