Last updated on 2025-05-04 03:50:49 CEST.
Flavor | Version | Tinstall | Tcheck | Ttotal | Status | Flags |
---|---|---|---|---|---|---|
r-devel-linux-x86_64-debian-clang | 0.0-9 | 4.48 | 26.59 | 31.07 | NOTE | |
r-devel-linux-x86_64-debian-gcc | 0.0-9 | 2.67 | 21.38 | 24.05 | NOTE | |
r-devel-linux-x86_64-fedora-clang | 0.0-9 | 47.44 | OK | |||
r-devel-linux-x86_64-fedora-gcc | 0.0-9 | 45.98 | OK | |||
r-devel-windows-x86_64 | 0.0-9 | 8.00 | 48.00 | 56.00 | OK | |
r-patched-linux-x86_64 | 0.0-9 | 3.69 | 26.16 | 29.85 | OK | |
r-release-linux-x86_64 | OK | |||||
r-release-macos-arm64 | 0.0-9 | 21.00 | OK | |||
r-release-macos-x86_64 | 0.0-9 | 32.00 | OK | |||
r-release-windows-x86_64 | 0.0-9 | 8.00 | 50.00 | 58.00 | OK | |
r-oldrel-macos-arm64 | 0.0-9 | 2.00 | OK | |||
r-oldrel-macos-x86_64 | 0.0-9 | 29.00 | OK | |||
r-oldrel-windows-x86_64 | 0.0-9 | 8.00 | 48.00 | 56.00 | OK |
Version: 0.0-9
Check: CRAN incoming feasibility
Result: NOTE
Maintainer: ‘Fernando Tusell <fernando.tusell@ehu.es>’
No Authors@R field in DESCRIPTION.
Please add one, modifying
Authors@R: c(person(given = c("Ported", "to", "R", "by", "Ted"),
family = "Harding",
role = "aut"),
person(given = c("Fernando", "Tusell.", "Original", "by", "Joseph", "L."),
family = "Schafer.",
role = "aut",
email = "jls@stat.psu.edu"),
person(given = "Fernando",
family = "Tusell",
role = "cre",
email = "fernando.tusell@ehu.es"))
as necessary.
Flavors: r-devel-linux-x86_64-debian-clang, r-devel-linux-x86_64-debian-gcc