Last updated on 2025-05-07 03:50:56 CEST.
Flavor | Version | Tinstall | Tcheck | Ttotal | Status | Flags |
---|---|---|---|---|---|---|
r-devel-linux-x86_64-debian-clang | 0.5.0 | 3.82 | 34.54 | 38.36 | OK | |
r-devel-linux-x86_64-debian-gcc | 0.5.0 | 2.65 | 25.49 | 28.14 | OK | |
r-devel-linux-x86_64-fedora-clang | 0.5.0 | 60.57 | OK | |||
r-devel-linux-x86_64-fedora-gcc | 0.5.0 | 55.63 | OK | |||
r-devel-windows-x86_64 | 0.5.0 | 6.00 | 52.00 | 58.00 | OK | |
r-patched-linux-x86_64 | 0.5.0 | 3.68 | 32.76 | 36.44 | OK | |
r-release-linux-x86_64 | 0.5.0 | 3.95 | 32.48 | 36.43 | OK | |
r-release-macos-arm64 | 0.5.0 | 25.00 | OK | |||
r-release-macos-x86_64 | 0.5.0 | 36.00 | OK | |||
r-release-windows-x86_64 | 0.5.0 | 5.00 | 49.00 | 54.00 | OK | |
r-oldrel-macos-arm64 | 0.5.0 | 22.00 | NOTE | |||
r-oldrel-macos-x86_64 | 0.5.0 | 32.00 | NOTE | |||
r-oldrel-windows-x86_64 | 0.5.0 | 6.00 | 67.00 | 73.00 | NOTE |
Version: 0.5.0
Check: LazyData
Result: NOTE
'LazyData' is specified without a 'data' directory
Flavors: r-oldrel-macos-arm64, r-oldrel-macos-x86_64, r-oldrel-windows-x86_64