CRAN Package Check Results for Package cccd

Last updated on 2025-05-04 03:50:49 CEST.

Flavor Version Tinstall Tcheck Ttotal Status Flags
r-devel-linux-x86_64-debian-clang 1.6 3.78 34.59 38.37 NOTE
r-devel-linux-x86_64-debian-gcc 1.6 2.85 27.06 29.91 NOTE
r-devel-linux-x86_64-fedora-clang 1.6 60.47 OK
r-devel-linux-x86_64-fedora-gcc 1.6 56.59 OK
r-devel-windows-x86_64 1.6 5.00 78.00 83.00 OK
r-patched-linux-x86_64 1.6 4.02 32.87 36.89 OK
r-release-linux-x86_64 OK
r-release-macos-arm64 1.6 25.00 OK
r-release-macos-x86_64 1.6 39.00 OK
r-release-windows-x86_64 1.6 5.00 59.00 64.00 OK
r-oldrel-macos-arm64 1.6 22.00 OK
r-oldrel-macos-x86_64 1.6 34.00 OK
r-oldrel-windows-x86_64 1.6 6.00 67.00 73.00 OK

Check Details

Version: 1.6
Check: CRAN incoming feasibility
Result: NOTE Maintainer: ‘David J. Marchette <dmarchette@gmail.com>’ No Authors@R field in DESCRIPTION. Please add one, modifying Authors@R: person(given = c("David", "J."), family = "Marchette", role = c("aut", "cre"), email = "dmarchette@gmail.com") as necessary. Flavors: r-devel-linux-x86_64-debian-clang, r-devel-linux-x86_64-debian-gcc