Last updated on 2025-07-24 03:49:55 CEST.
Flavor | Version | Tinstall | Tcheck | Ttotal | Status | Flags |
---|---|---|---|---|---|---|
r-devel-linux-x86_64-debian-clang | 0.3-1 | 162.50 | 51.37 | 213.87 | NOTE | |
r-devel-linux-x86_64-debian-gcc | 0.3-1 | 133.44 | 35.40 | 168.84 | NOTE | |
r-devel-linux-x86_64-fedora-clang | 0.3-1 | 388.11 | OK | |||
r-devel-linux-x86_64-fedora-gcc | 0.3-1 | 426.69 | OK | |||
r-devel-windows-x86_64 | 0.3-1 | 177.00 | 89.00 | 266.00 | NOTE | |
r-patched-linux-x86_64 | 0.3-1 | 183.25 | 48.50 | 231.75 | NOTE | |
r-release-linux-x86_64 | 0.3-1 | 171.07 | 48.10 | 219.17 | NOTE | |
r-release-macos-arm64 | 0.3-1 | 90.00 | OK | |||
r-release-macos-x86_64 | 0.3-1 | 150.00 | OK | |||
r-release-windows-x86_64 | 0.3-1 | 173.00 | 93.00 | 266.00 | NOTE | |
r-oldrel-macos-arm64 | 0.3-1 | 81.00 | NOTE | |||
r-oldrel-macos-x86_64 | 0.3-1 | 90.00 | NOTE | |||
r-oldrel-windows-x86_64 | 0.3-1 | 214.00 | 119.00 | 333.00 | OK |
Version: 0.3-1
Check: Rd cross-references
Result: NOTE
Found the following Rd file(s) with Rd \link{} targets missing package
anchors:
Rcpp_CONEC-class.Rd: C++Object-class
Rcpp_CPS-class.Rd: C++Object-class
Rcpp_CTRL-class.Rd: C++Object-class
Rcpp_DCP-class.Rd: C++Object-class
Rcpp_DLP-class.Rd: C++Object-class
Rcpp_DNL-class.Rd: C++Object-class
Rcpp_DQP-class.Rd: C++Object-class
Rcpp_PDV-class.Rd: C++Object-class
Please provide package anchors for all Rd \link{} targets not in the
package itself and the base packages.
Flavors: r-devel-linux-x86_64-debian-clang, r-devel-linux-x86_64-debian-gcc, r-devel-windows-x86_64, r-patched-linux-x86_64, r-release-linux-x86_64, r-release-windows-x86_64
Version: 0.3-1
Check: installed package size
Result: NOTE
installed size is 18.1Mb
sub-directories of 1Mb or more:
libs 17.9Mb
Flavors: r-oldrel-macos-arm64, r-oldrel-macos-x86_64