CRAN Package Check Results for Package cellOrigins

Last updated on 2025-05-06 03:50:58 CEST.

Flavor Version Tinstall Tcheck Ttotal Status Flags
r-devel-linux-x86_64-debian-clang 0.1.3 1.58 22.81 24.39 NOTE
r-devel-linux-x86_64-debian-gcc 0.1.3 1.60 18.76 20.36 NOTE
r-devel-linux-x86_64-fedora-clang 0.1.3 39.22 OK
r-devel-linux-x86_64-fedora-gcc 0.1.3 37.73 OK
r-devel-windows-x86_64 0.1.3 5.00 45.00 50.00 OK
r-patched-linux-x86_64 0.1.3 2.49 22.05 24.54 OK
r-release-linux-x86_64 0.1.3 2.19 22.03 24.22 OK
r-release-macos-arm64 0.1.3 19.00 OK
r-release-macos-x86_64 0.1.3 26.00 OK
r-release-windows-x86_64 0.1.3 3.00 46.00 49.00 OK
r-oldrel-macos-arm64 0.1.3 17.00 OK
r-oldrel-macos-x86_64 0.1.3 25.00 OK
r-oldrel-windows-x86_64 0.1.3 4.00 47.00 51.00 OK

Check Details

Version: 0.1.3
Check: CRAN incoming feasibility
Result: NOTE Maintainer: ‘David Molnar <dmolnar100@icloud.com>’ No Authors@R field in DESCRIPTION. Please add one, modifying Authors@R: person(given = "David", family = "Molnar", role = c("aut", "cre"), email = "dmolnar100@icloud.com") as necessary. Flavors: r-devel-linux-x86_64-debian-clang, r-devel-linux-x86_64-debian-gcc