Last updated on 2025-05-06 03:50:58 CEST.
Flavor | Version | Tinstall | Tcheck | Ttotal | Status | Flags |
---|---|---|---|---|---|---|
r-devel-linux-x86_64-debian-clang | 0.1.2 | 4.00 | 32.09 | 36.09 | OK | |
r-devel-linux-x86_64-debian-gcc | 0.1.2 | 2.79 | 23.63 | 26.42 | OK | |
r-devel-linux-x86_64-fedora-clang | 0.1.2 | 54.89 | OK | |||
r-devel-linux-x86_64-fedora-gcc | 0.1.2 | 52.50 | OK | |||
r-devel-windows-x86_64 | 0.1.2 | 5.00 | 50.00 | 55.00 | OK | |
r-patched-linux-x86_64 | 0.1.2 | 3.70 | 29.71 | 33.41 | OK | |
r-release-linux-x86_64 | 0.1.2 | 4.02 | 29.94 | 33.96 | OK | |
r-release-macos-arm64 | 0.1.2 | 22.00 | OK | |||
r-release-macos-x86_64 | 0.1.2 | 31.00 | OK | |||
r-release-windows-x86_64 | 0.1.2 | 6.00 | 54.00 | 60.00 | OK | |
r-oldrel-macos-arm64 | 0.1.2 | 20.00 | NOTE | |||
r-oldrel-macos-x86_64 | 0.1.2 | 29.00 | NOTE | |||
r-oldrel-windows-x86_64 | 0.1.2 | 6.00 | 61.00 | 67.00 | NOTE |
Version: 0.1.2
Check: LazyData
Result: NOTE
'LazyData' is specified without a 'data' directory
Flavors: r-oldrel-macos-arm64, r-oldrel-macos-x86_64, r-oldrel-windows-x86_64