CRAN Package Check Results for Package checkpoint

Last updated on 2025-05-07 03:50:56 CEST.

Flavor Version Tinstall Tcheck Ttotal Status Flags
r-devel-linux-x86_64-debian-clang 1.0.2 1.98 25.34 27.32 NOTE
r-devel-linux-x86_64-debian-gcc 1.0.2 1.49 20.69 22.18 NOTE
r-devel-linux-x86_64-fedora-clang 1.0.2 44.00 NOTE
r-devel-linux-x86_64-fedora-gcc 1.0.2 56.41 NOTE
r-devel-windows-x86_64 1.0.2 3.00 46.00 49.00 NOTE
r-patched-linux-x86_64 1.0.2 2.03 23.21 25.24 NOTE
r-release-linux-x86_64 1.0.2 1.91 23.66 25.57 NOTE
r-release-macos-arm64 1.0.2 34.00 OK
r-release-macos-x86_64 1.0.2 57.00 OK
r-release-windows-x86_64 1.0.2 4.00 46.00 50.00 NOTE
r-oldrel-macos-arm64 1.0.2 25.00 NOTE
r-oldrel-macos-x86_64 1.0.2 44.00 NOTE
r-oldrel-windows-x86_64 1.0.2 5.00 55.00 60.00 NOTE

Check Details

Version: 1.0.2
Check: Rd cross-references
Result: NOTE Found the following Rd file(s) with Rd \link{} targets missing package anchors: checkpoint.Rd: pkgdepends Please provide package anchors for all Rd \link{} targets not in the package itself and the base packages. Flavors: r-devel-linux-x86_64-debian-clang, r-devel-linux-x86_64-debian-gcc, r-devel-windows-x86_64, r-patched-linux-x86_64, r-release-linux-x86_64, r-release-windows-x86_64

Version: 1.0.2
Check: dependencies in R code
Result: NOTE Namespace in Imports field not imported from: ‘jsonlite’ All declared Imports should be used. Flavors: r-devel-linux-x86_64-fedora-clang, r-devel-linux-x86_64-fedora-gcc

Version: 1.0.2
Check: package dependencies
Result: NOTE Package suggested but not available for checking: ‘darts’ Flavors: r-oldrel-macos-arm64, r-oldrel-macos-x86_64, r-oldrel-windows-x86_64