Last updated on 2025-05-06 03:50:58 CEST.
Flavor | Version | Tinstall | Tcheck | Ttotal | Status | Flags |
---|---|---|---|---|---|---|
r-devel-linux-x86_64-debian-clang | 0.2.2 | 5.26 | 60.71 | 65.97 | NOTE | |
r-devel-linux-x86_64-debian-gcc | 0.2.2 | 3.23 | 47.13 | 50.36 | NOTE | |
r-devel-linux-x86_64-fedora-clang | 0.2.2 | 107.85 | NOTE | |||
r-devel-linux-x86_64-fedora-gcc | 0.2.2 | 112.07 | NOTE | |||
r-devel-windows-x86_64 | 0.2.2 | 7.00 | 88.00 | 95.00 | NOTE | |
r-patched-linux-x86_64 | 0.2.2 | 5.10 | 56.89 | 61.99 | NOTE | |
r-release-linux-x86_64 | 0.2.2 | 5.39 | 56.50 | 61.89 | NOTE | |
r-release-macos-arm64 | 0.2.2 | 81.00 | NOTE | |||
r-release-macos-x86_64 | 0.2.2 | 77.00 | NOTE | |||
r-release-windows-x86_64 | 0.2.2 | 8.00 | 85.00 | 93.00 | NOTE | |
r-oldrel-macos-arm64 | 0.2.2 | 43.00 | OK | |||
r-oldrel-macos-x86_64 | 0.2.2 | 63.00 | OK | |||
r-oldrel-windows-x86_64 | 0.2.2 | 10.00 | 98.00 | 108.00 | OK |
Version: 0.2.2
Check: DESCRIPTION meta-information
Result: NOTE
Missing dependency on R >= 4.1.0 because package code uses the pipe
|> or function shorthand \(...) syntax added in R 4.1.0.
File(s) using such syntax:
‘bind_record.Rd’ ‘chronicle.R’ ‘fmap_record.Rd’
‘grapes-greater-than-equals-grapes.Rd’ ‘pick.Rd’
Flavors: r-devel-linux-x86_64-debian-clang, r-devel-linux-x86_64-debian-gcc, r-devel-linux-x86_64-fedora-clang, r-devel-linux-x86_64-fedora-gcc, r-devel-windows-x86_64, r-patched-linux-x86_64, r-release-linux-x86_64, r-release-macos-arm64, r-release-macos-x86_64, r-release-windows-x86_64