CRAN Package Check Results for Package chunkR

Last updated on 2025-07-26 03:49:46 CEST.

Flavor Version Tinstall Tcheck Ttotal Status Flags
r-devel-linux-x86_64-debian-clang 1.1.1 19.42 27.59 47.01 NOTE
r-devel-linux-x86_64-debian-gcc 1.1.1 16.24 22.43 38.67 NOTE
r-devel-linux-x86_64-fedora-clang 1.1.1 83.45 NOTE
r-devel-linux-x86_64-fedora-gcc 1.1.1 79.99 NOTE
r-devel-windows-x86_64 1.1.1 26.00 75.00 101.00 NOTE
r-patched-linux-x86_64 1.1.1 21.78 25.20 46.98 NOTE
r-release-linux-x86_64 1.1.1 21.22 25.39 46.61 NOTE
r-release-macos-arm64 1.1.1 29.00 NOTE
r-release-macos-x86_64 1.1.1 46.00 NOTE
r-release-windows-x86_64 1.1.1 22.00 80.00 102.00 NOTE
r-oldrel-macos-arm64 1.1.1 30.00 NOTE
r-oldrel-macos-x86_64 1.1.1 43.00 NOTE
r-oldrel-windows-x86_64 1.1.1 22.00 79.00 101.00 NOTE

Check Details

Version: 1.1.1
Check: C++ specification
Result: NOTE Specified C++11: please drop specification unless essential Flavors: r-devel-linux-x86_64-debian-clang, r-devel-linux-x86_64-debian-gcc, r-devel-linux-x86_64-fedora-clang, r-devel-linux-x86_64-fedora-gcc, r-devel-windows-x86_64, r-patched-linux-x86_64, r-release-linux-x86_64, r-release-macos-arm64, r-release-macos-x86_64, r-release-windows-x86_64, r-oldrel-macos-arm64, r-oldrel-macos-x86_64, r-oldrel-windows-x86_64

Version: 1.1.1
Check: Rd files
Result: NOTE checkRd: (-1) chunker-methods.Rd:63: Lost braces in \enumerate; meant \describe ? checkRd: (-1) chunker-methods.Rd:64: Lost braces in \enumerate; meant \describe ? checkRd: (-1) chunker-methods.Rd:69: Lost braces in \enumerate; meant \describe ? checkRd: (-1) chunker-methods.Rd:70: Lost braces in \enumerate; meant \describe ? Flavors: r-devel-linux-x86_64-debian-clang, r-devel-linux-x86_64-debian-gcc, r-devel-linux-x86_64-fedora-clang, r-devel-linux-x86_64-fedora-gcc, r-devel-windows-x86_64, r-patched-linux-x86_64, r-release-linux-x86_64, r-release-macos-arm64, r-release-macos-x86_64, r-release-windows-x86_64, r-oldrel-macos-arm64, r-oldrel-macos-x86_64, r-oldrel-windows-x86_64