CRAN Package Check Results for Package cloudfs

Last updated on 2025-05-06 03:50:58 CEST.

Flavor Version Tinstall Tcheck Ttotal Status Flags
r-devel-linux-x86_64-debian-clang 0.1.3 5.13 51.26 56.39 NOTE
r-devel-linux-x86_64-debian-gcc 0.1.3 3.60 36.95 40.55 NOTE
r-devel-linux-x86_64-fedora-clang 0.1.3 97.03 NOTE
r-devel-linux-x86_64-fedora-gcc 0.1.3 97.53 NOTE
r-devel-windows-x86_64 0.1.3 7.00 79.00 86.00 NOTE
r-patched-linux-x86_64 0.1.3 5.70 46.36 52.06 NOTE
r-release-linux-x86_64 0.1.3 4.06 46.14 50.20 NOTE
r-release-macos-arm64 0.1.3 42.00 NOTE
r-release-macos-x86_64 0.1.3 63.00 NOTE
r-release-windows-x86_64 0.1.3 7.00 79.00 86.00 NOTE
r-oldrel-macos-arm64 0.1.3 39.00 OK
r-oldrel-macos-x86_64 0.1.3 53.00 OK
r-oldrel-windows-x86_64 0.1.3 9.00 89.00 98.00 OK

Check Details

Version: 0.1.3
Check: DESCRIPTION meta-information
Result: NOTE Missing dependency on R >= 4.1.0 because package code uses the pipe |> or function shorthand \(...) syntax added in R 4.1.0. File(s) using such syntax: ‘cloud_drive_download_bulk.Rd’ ‘cloud_drive_read_bulk.Rd’ ‘cloud_drive_upload_bulk.Rd’ ‘cloud_drive_write_bulk.Rd’ ‘cloud_s3_download_bulk.Rd’ ‘cloud_s3_read_bulk.Rd’ ‘cloud_s3_upload_bulk.Rd’ ‘cloud_s3_write_bulk.Rd’ Flavors: r-devel-linux-x86_64-debian-clang, r-devel-linux-x86_64-debian-gcc, r-devel-linux-x86_64-fedora-clang, r-devel-linux-x86_64-fedora-gcc, r-devel-windows-x86_64, r-patched-linux-x86_64, r-release-linux-x86_64, r-release-macos-arm64, r-release-macos-x86_64, r-release-windows-x86_64