Last updated on 2025-05-06 03:50:59 CEST.
Flavor | Version | Tinstall | Tcheck | Ttotal | Status | Flags |
---|---|---|---|---|---|---|
r-devel-linux-x86_64-debian-clang | 0.9 | 1.60 | 18.00 | 19.60 | NOTE | |
r-devel-linux-x86_64-debian-gcc | 0.9 | 1.47 | 14.46 | 15.93 | NOTE | |
r-devel-linux-x86_64-fedora-clang | 0.9 | 30.40 | OK | |||
r-devel-linux-x86_64-fedora-gcc | 0.9 | 29.62 | OK | |||
r-devel-windows-x86_64 | 0.9 | 2.00 | 36.00 | 38.00 | OK | |
r-patched-linux-x86_64 | 0.9 | 1.65 | 17.13 | 18.78 | OK | |
r-release-linux-x86_64 | 0.9 | 1.52 | 17.22 | 18.74 | OK | |
r-release-macos-arm64 | 0.9 | 16.00 | OK | |||
r-release-macos-x86_64 | 0.9 | 21.00 | OK | |||
r-release-windows-x86_64 | 0.9 | 2.00 | 38.00 | 40.00 | OK | |
r-oldrel-macos-arm64 | 0.9 | 17.00 | OK | |||
r-oldrel-macos-x86_64 | 0.9 | 22.00 | OK | |||
r-oldrel-windows-x86_64 | 0.9 | 3.00 | 35.00 | 38.00 | OK |
Version: 0.9
Check: CRAN incoming feasibility
Result: NOTE
Maintainer: ‘Rob Tibshirani <tibs@stanford.edu>’
No Authors@R field in DESCRIPTION.
Please add one, modifying
Authors@R: c(person(given = "Amy",
family = "Kapp",
role = "aut",
email = "Amy_Kapp@hotmail.com"),
person(given = "Rob",
family = "Tibshirani",
role = c("aut", "cre"),
email = "tibs@stanford.edu"))
as necessary.
Flavors: r-devel-linux-x86_64-debian-clang, r-devel-linux-x86_64-debian-gcc