CRAN Package Check Results for Package cmaes

Last updated on 2025-05-04 03:50:50 CEST.

Flavor Version Tinstall Tcheck Ttotal Status Flags
r-devel-linux-x86_64-debian-clang 1.0-12 1.91 22.86 24.77 NOTE
r-devel-linux-x86_64-debian-gcc 1.0-12 1.58 17.26 18.84 NOTE
r-devel-linux-x86_64-fedora-clang 1.0-12 38.93 OK
r-devel-linux-x86_64-fedora-gcc 1.0-12 36.32 OK
r-devel-windows-x86_64 1.0-12 2.00 48.00 50.00 OK
r-patched-linux-x86_64 1.0-12 2.08 21.64 23.72 OK
r-release-linux-x86_64 OK
r-release-macos-arm64 1.0-12 18.00 OK
r-release-macos-x86_64 1.0-12 35.00 OK
r-release-windows-x86_64 1.0-12 4.00 51.00 55.00 OK
r-oldrel-macos-arm64 1.0-12 20.00 OK
r-oldrel-macos-x86_64 1.0-12 23.00 OK
r-oldrel-windows-x86_64 1.0-12 3.00 51.00 54.00 OK

Check Details

Version: 1.0-12
Check: CRAN incoming feasibility
Result: NOTE Maintainer: ‘Olaf Mersmann <olafm@statistik.tu-dortmund.de>’ No Authors@R field in DESCRIPTION. Please add one, modifying Authors@R: c(person(given = "Heike", family = "Trautmann", role = "aut", email = "trautmann@statistik.tu-dortmund.de"), person(given = "Olaf", family = "Mersmann", role = c("aut", "cre"), email = "olafm@statistik.tu-dortmund.de"), person(given = "David", family = "Arnu", role = "aut", email = "david.arnu@statistik.tu-dortmund.de")) as necessary. Flavors: r-devel-linux-x86_64-debian-clang, r-devel-linux-x86_64-debian-gcc