Last updated on 2025-10-31 02:50:27 CET.
| Flavor | Version | Tinstall | Tcheck | Ttotal | Status | Flags | 
|---|---|---|---|---|---|---|
| r-devel-linux-x86_64-debian-clang | 0.1.11 | 9.58 | 159.62 | 169.20 | ERROR | |
| r-devel-linux-x86_64-debian-gcc | 0.1.11 | 7.28 | 105.71 | 112.99 | ERROR | |
| r-devel-linux-x86_64-fedora-clang | 0.1.11 | 22.00 | 209.72 | 231.72 | ERROR | |
| r-devel-linux-x86_64-fedora-gcc | 0.1.11 | 23.00 | 199.03 | 222.03 | ERROR | |
| r-devel-windows-x86_64 | 0.1.11 | 12.00 | 147.00 | 159.00 | ERROR | |
| r-patched-linux-x86_64 | 0.1.11 | 10.80 | 123.81 | 134.61 | ERROR | |
| r-release-linux-x86_64 | 0.1.11 | 9.24 | 124.46 | 133.70 | ERROR | |
| r-release-macos-arm64 | 0.1.11 | 3.00 | 171.00 | 174.00 | OK | |
| r-release-macos-x86_64 | 0.1.11 | 8.00 | 360.00 | 368.00 | OK | |
| r-release-windows-x86_64 | 0.1.11 | 12.00 | 149.00 | 161.00 | ERROR | |
| r-oldrel-macos-arm64 | 0.1.11 | 4.00 | 171.00 | 175.00 | OK | |
| r-oldrel-macos-x86_64 | 0.1.11 | 11.00 | 316.00 | 327.00 | OK | |
| r-oldrel-windows-x86_64 | 0.1.11 | 17.00 | 188.00 | 205.00 | ERROR | 
Version: 0.1.11
Check: tests
Result: ERROR
    Running ‘testthat.R’ [66s/55s]
  Running the tests in ‘tests/testthat.R’ failed.
  Complete output:
    > library(testthat)
    > library(cmcR)
    > 
    > test_check("cmcR",reporter = SummaryReporter)
      adding: bindata/ (stored 0%)
      adding: bindata/data.bin (deflated 73%)
      adding: main.xml (deflated 62%)
      adding: md5checksum.hex (stored 0%)
      adding: bindata/ (stored 0%)
      adding: bindata/data.bin (deflated 71%)
      adding: main.xml (deflated 62%)
      adding: md5checksum.hex (stored 0%)
    comparison: ..
    decision: ..........
    diagnosticTools: .WW1WWW2.
    preProcess: S
    
    ══ Skipped ═════════════════════════════════════════════════════════════════════
    1. preProcess_ functions work as expected ('test-preProcess.R:5:3') - Reason: On CRAN
    
    ══ Warnings ════════════════════════════════════════════════════════════════════
    1. diagnosticTools functions work as expected ('test-diagnosticTools.R:95:3') - longer object length is not a multiple of shorter object length
    
    2. diagnosticTools functions work as expected ('test-diagnosticTools.R:95:3') - longer object length is not a multiple of shorter object length
    
    3. diagnosticTools functions work as expected ('test-diagnosticTools.R:104:3') - longer object length is not a multiple of shorter object length
    
    4. diagnosticTools functions work as expected ('test-diagnosticTools.R:104:3') - longer object length is not a multiple of shorter object length
    
    5. diagnosticTools functions work as expected ('test-diagnosticTools.R:104:3') - longer object length is not a multiple of shorter object length
    
    ══ Failed ══════════════════════════════════════════════════════════════════════
    ── 1. Failure ('test-diagnosticTools.R:95:3'): diagnosticTools functions work as
    all(unlist(purrr::map(x3pPlt, ~class(.) == c("gg", "ggplot")))) is not TRUE
    
    `actual`:   FALSE
    `expected`: TRUE 
    
    ── 2. Failure ('test-diagnosticTools.R:104:3'): diagnosticTools functions work a
    all(unlist(purrr::map(cmcPlt_list, ~class(.) == c("gg", "ggplot")))) is not TRUE
    
    `actual`:   FALSE
    `expected`: TRUE 
    
    ══ DONE ════════════════════════════════════════════════════════════════════════
    Error: Test failures
    In addition: Warning messages:
    1: In data("fadul1.1_processed.rda") :
      data set 'fadul1.1_processed.rda' not found
    2: In data("fadul1.2_processed.rda") :
      data set 'fadul1.2_processed.rda' not found
    Execution halted
Flavor: r-devel-linux-x86_64-debian-clang
Version: 0.1.11
Check: tests
Result: ERROR
    Running ‘testthat.R’ [41s/52s]
  Running the tests in ‘tests/testthat.R’ failed.
  Complete output:
    > library(testthat)
    > library(cmcR)
    > 
    > test_check("cmcR",reporter = SummaryReporter)
      adding: bindata/ (stored 0%)
      adding: bindata/data.bin (deflated 73%)
      adding: main.xml (deflated 62%)
      adding: md5checksum.hex (stored 0%)
      adding: bindata/ (stored 0%)
      adding: bindata/data.bin (deflated 71%)
      adding: main.xml (deflated 62%)
      adding: md5checksum.hex (stored 0%)
    comparison: ..
    decision: ..........
    diagnosticTools: .WW1WWW2.
    preProcess: S
    
    ══ Skipped ═════════════════════════════════════════════════════════════════════
    1. preProcess_ functions work as expected ('test-preProcess.R:5:3') - Reason: On CRAN
    
    ══ Warnings ════════════════════════════════════════════════════════════════════
    1. diagnosticTools functions work as expected ('test-diagnosticTools.R:95:3') - longer object length is not a multiple of shorter object length
    
    2. diagnosticTools functions work as expected ('test-diagnosticTools.R:95:3') - longer object length is not a multiple of shorter object length
    
    3. diagnosticTools functions work as expected ('test-diagnosticTools.R:104:3') - longer object length is not a multiple of shorter object length
    
    4. diagnosticTools functions work as expected ('test-diagnosticTools.R:104:3') - longer object length is not a multiple of shorter object length
    
    5. diagnosticTools functions work as expected ('test-diagnosticTools.R:104:3') - longer object length is not a multiple of shorter object length
    
    ══ Failed ══════════════════════════════════════════════════════════════════════
    ── 1. Failure ('test-diagnosticTools.R:95:3'): diagnosticTools functions work as
    all(unlist(purrr::map(x3pPlt, ~class(.) == c("gg", "ggplot")))) is not TRUE
    
    `actual`:   FALSE
    `expected`: TRUE 
    
    ── 2. Failure ('test-diagnosticTools.R:104:3'): diagnosticTools functions work a
    all(unlist(purrr::map(cmcPlt_list, ~class(.) == c("gg", "ggplot")))) is not TRUE
    
    `actual`:   FALSE
    `expected`: TRUE 
    
    ══ DONE ════════════════════════════════════════════════════════════════════════
    I believe in you!
    Error: Test failures
    In addition: Warning messages:
    1: In data("fadul1.1_processed.rda") :
      data set 'fadul1.1_processed.rda' not found
    2: In data("fadul1.2_processed.rda") :
      data set 'fadul1.2_processed.rda' not found
    Execution halted
Flavor: r-devel-linux-x86_64-debian-gcc
Version: 0.1.11
Check: tests
Result: ERROR
    Running ‘testthat.R’ [77s/78s]
  Running the tests in ‘tests/testthat.R’ failed.
  Complete output:
    > library(testthat)
    > library(cmcR)
    > 
    > test_check("cmcR",reporter = SummaryReporter)
      adding: bindata/ (stored 0%)
      adding: bindata/data.bin (deflated 73%)
      adding: main.xml (deflated 62%)
      adding: md5checksum.hex (stored 0%)
      adding: bindata/ (stored 0%)
      adding: bindata/data.bin (deflated 71%)
      adding: main.xml (deflated 62%)
      adding: md5checksum.hex (stored 0%)
    comparison: OMP: Warning #96: Cannot form a team with 24 threads, using 2 instead.
    OMP: Hint Consider unsetting KMP_DEVICE_THREAD_LIMIT (KMP_ALL_THREADS), KMP_TEAMS_THREAD_LIMIT, and OMP_THREAD_LIMIT (if any are set).
    ..
    decision: ..........
    diagnosticTools: .WW1WWW2.
    preProcess: S
    
    ══ Skipped ═════════════════════════════════════════════════════════════════════
    1. preProcess_ functions work as expected ('test-preProcess.R:5:3') - Reason: On CRAN
    
    ══ Warnings ════════════════════════════════════════════════════════════════════
    1. diagnosticTools functions work as expected ('test-diagnosticTools.R:95:3') - longer object length is not a multiple of shorter object length
    
    2. diagnosticTools functions work as expected ('test-diagnosticTools.R:95:3') - longer object length is not a multiple of shorter object length
    
    3. diagnosticTools functions work as expected ('test-diagnosticTools.R:104:3') - longer object length is not a multiple of shorter object length
    
    4. diagnosticTools functions work as expected ('test-diagnosticTools.R:104:3') - longer object length is not a multiple of shorter object length
    
    5. diagnosticTools functions work as expected ('test-diagnosticTools.R:104:3') - longer object length is not a multiple of shorter object length
    
    ══ Failed ══════════════════════════════════════════════════════════════════════
    ── 1. Failure ('test-diagnosticTools.R:95:3'): diagnosticTools functions work as
    all(unlist(purrr::map(x3pPlt, ~class(.) == c("gg", "ggplot")))) is not TRUE
    
    `actual`:   FALSE
    `expected`: TRUE 
    
    ── 2. Failure ('test-diagnosticTools.R:104:3'): diagnosticTools functions work a
    all(unlist(purrr::map(cmcPlt_list, ~class(.) == c("gg", "ggplot")))) is not TRUE
    
    `actual`:   FALSE
    `expected`: TRUE 
    
    ══ DONE ════════════════════════════════════════════════════════════════════════
    Error: Test failures
    In addition: Warning messages:
    1: In data("fadul1.1_processed.rda") :
      data set 'fadul1.1_processed.rda' not found
    2: In data("fadul1.2_processed.rda") :
      data set 'fadul1.2_processed.rda' not found
    Execution halted
Flavor: r-devel-linux-x86_64-fedora-clang
Version: 0.1.11
Check: tests
Result: ERROR
    Running ‘testthat.R’ [64s/81s]
  Running the tests in ‘tests/testthat.R’ failed.
  Complete output:
    > library(testthat)
    > library(cmcR)
    > 
    > test_check("cmcR",reporter = SummaryReporter)
      adding: bindata/ (stored 0%)
      adding: bindata/data.bin (deflated 73%)
      adding: main.xml (deflated 62%)
      adding: md5checksum.hex (stored 0%)
      adding: bindata/ (stored 0%)
      adding: bindata/data.bin (deflated 71%)
      adding: main.xml (deflated 62%)
      adding: md5checksum.hex (stored 0%)
    comparison: ..
    decision: ..........
    diagnosticTools: .WW1WWW2.
    preProcess: S
    
    ══ Skipped ═════════════════════════════════════════════════════════════════════
    1. preProcess_ functions work as expected ('test-preProcess.R:5:3') - Reason: On CRAN
    
    ══ Warnings ════════════════════════════════════════════════════════════════════
    1. diagnosticTools functions work as expected ('test-diagnosticTools.R:95:3') - longer object length is not a multiple of shorter object length
    
    2. diagnosticTools functions work as expected ('test-diagnosticTools.R:95:3') - longer object length is not a multiple of shorter object length
    
    3. diagnosticTools functions work as expected ('test-diagnosticTools.R:104:3') - longer object length is not a multiple of shorter object length
    
    4. diagnosticTools functions work as expected ('test-diagnosticTools.R:104:3') - longer object length is not a multiple of shorter object length
    
    5. diagnosticTools functions work as expected ('test-diagnosticTools.R:104:3') - longer object length is not a multiple of shorter object length
    
    ══ Failed ══════════════════════════════════════════════════════════════════════
    ── 1. Failure ('test-diagnosticTools.R:95:3'): diagnosticTools functions work as
    all(unlist(purrr::map(x3pPlt, ~class(.) == c("gg", "ggplot")))) is not TRUE
    
    `actual`:   FALSE
    `expected`: TRUE 
    
    ── 2. Failure ('test-diagnosticTools.R:104:3'): diagnosticTools functions work a
    all(unlist(purrr::map(cmcPlt_list, ~class(.) == c("gg", "ggplot")))) is not TRUE
    
    `actual`:   FALSE
    `expected`: TRUE 
    
    ══ DONE ════════════════════════════════════════════════════════════════════════
    Error: Test failures
    In addition: Warning messages:
    1: In data("fadul1.1_processed.rda") :
      data set 'fadul1.1_processed.rda' not found
    2: In data("fadul1.2_processed.rda") :
      data set 'fadul1.2_processed.rda' not found
    Execution halted
Flavor: r-devel-linux-x86_64-fedora-gcc
Version: 0.1.11
Check: tests
Result: ERROR
    Running 'testthat.R' [44s]
  Running the tests in 'tests/testthat.R' failed.
  Complete output:
    > library(testthat)
    > library(cmcR)
    > 
    > test_check("cmcR",reporter = SummaryReporter)
      adding: bindata/ (stored 0%)
      adding: bindata/data.bin (deflated 73%)
      adding: main.xml (deflated 63%)
      adding: md5checksum.hex (stored 0%)
      adding: bindata/ (stored 0%)
      adding: bindata/data.bin (deflated 71%)
      adding: main.xml (deflated 63%)
      adding: md5checksum.hex (stored 0%)
    comparison: ..
    decision: ..........
    diagnosticTools: .WW1WWW2.
    preProcess: S
    
    ══ Skipped ═════════════════════════════════════════════════════════════════════
    1. preProcess_ functions work as expected ('test-preProcess.R:5:3') - Reason: On CRAN
    
    ══ Warnings ════════════════════════════════════════════════════════════════════
    1. diagnosticTools functions work as expected ('test-diagnosticTools.R:95:3') - longer object length is not a multiple of shorter object length
    
    2. diagnosticTools functions work as expected ('test-diagnosticTools.R:95:3') - longer object length is not a multiple of shorter object length
    
    3. diagnosticTools functions work as expected ('test-diagnosticTools.R:104:3') - longer object length is not a multiple of shorter object length
    
    4. diagnosticTools functions work as expected ('test-diagnosticTools.R:104:3') - longer object length is not a multiple of shorter object length
    
    5. diagnosticTools functions work as expected ('test-diagnosticTools.R:104:3') - longer object length is not a multiple of shorter object length
    
    ══ Failed ══════════════════════════════════════════════════════════════════════
    ── 1. Failure ('test-diagnosticTools.R:95:3'): diagnosticTools functions work as
    all(unlist(purrr::map(x3pPlt, ~class(.) == c("gg", "ggplot")))) is not TRUE
    
    `actual`:   FALSE
    `expected`: TRUE 
    
    ── 2. Failure ('test-diagnosticTools.R:104:3'): diagnosticTools functions work a
    all(unlist(purrr::map(cmcPlt_list, ~class(.) == c("gg", "ggplot")))) is not TRUE
    
    `actual`:   FALSE
    `expected`: TRUE 
    
    ══ DONE ════════════════════════════════════════════════════════════════════════
    Error: Test failures
    In addition: Warning messages:
    1: In data("fadul1.1_processed.rda") :
      data set 'fadul1.1_processed.rda' not found
    2: In data("fadul1.2_processed.rda") :
      data set 'fadul1.2_processed.rda' not found
    Execution halted
Flavor: r-devel-windows-x86_64
Version: 0.1.11
Check: tests
Result: ERROR
    Running ‘testthat.R’ [42s/55s]
  Running the tests in ‘tests/testthat.R’ failed.
  Complete output:
    > library(testthat)
    > library(cmcR)
    > 
    > test_check("cmcR",reporter = SummaryReporter)
      adding: bindata/ (stored 0%)
      adding: bindata/data.bin (deflated 73%)
      adding: main.xml (deflated 62%)
      adding: md5checksum.hex (stored 0%)
      adding: bindata/ (stored 0%)
      adding: bindata/data.bin (deflated 71%)
      adding: main.xml (deflated 62%)
      adding: md5checksum.hex (stored 0%)
    comparison: ..
    decision: ..........
    diagnosticTools: .WW1WWW2.
    preProcess: S
    
    ══ Skipped ═════════════════════════════════════════════════════════════════════
    1. preProcess_ functions work as expected ('test-preProcess.R:5:3') - Reason: On CRAN
    
    ══ Warnings ════════════════════════════════════════════════════════════════════
    1. diagnosticTools functions work as expected ('test-diagnosticTools.R:95:3') - longer object length is not a multiple of shorter object length
    
    2. diagnosticTools functions work as expected ('test-diagnosticTools.R:95:3') - longer object length is not a multiple of shorter object length
    
    3. diagnosticTools functions work as expected ('test-diagnosticTools.R:104:3') - longer object length is not a multiple of shorter object length
    
    4. diagnosticTools functions work as expected ('test-diagnosticTools.R:104:3') - longer object length is not a multiple of shorter object length
    
    5. diagnosticTools functions work as expected ('test-diagnosticTools.R:104:3') - longer object length is not a multiple of shorter object length
    
    ══ Failed ══════════════════════════════════════════════════════════════════════
    ── 1. Failure ('test-diagnosticTools.R:95:3'): diagnosticTools functions work as
    all(unlist(purrr::map(x3pPlt, ~class(.) == c("gg", "ggplot")))) is not TRUE
    
    `actual`:   FALSE
    `expected`: TRUE 
    
    ── 2. Failure ('test-diagnosticTools.R:104:3'): diagnosticTools functions work a
    all(unlist(purrr::map(cmcPlt_list, ~class(.) == c("gg", "ggplot")))) is not TRUE
    
    `actual`:   FALSE
    `expected`: TRUE 
    
    ══ DONE ════════════════════════════════════════════════════════════════════════
    Error: Test failures
    In addition: Warning messages:
    1: In data("fadul1.1_processed.rda") :
      data set 'fadul1.1_processed.rda' not found
    2: In data("fadul1.2_processed.rda") :
      data set 'fadul1.2_processed.rda' not found
    Execution halted
Flavor: r-patched-linux-x86_64
Version: 0.1.11
Check: tests
Result: ERROR
    Running ‘testthat.R’ [42s/59s]
  Running the tests in ‘tests/testthat.R’ failed.
  Complete output:
    > library(testthat)
    > library(cmcR)
    > 
    > test_check("cmcR",reporter = SummaryReporter)
      adding: bindata/ (stored 0%)
      adding: bindata/data.bin (deflated 73%)
      adding: main.xml (deflated 62%)
      adding: md5checksum.hex (stored 0%)
      adding: bindata/ (stored 0%)
      adding: bindata/data.bin (deflated 71%)
      adding: main.xml (deflated 62%)
      adding: md5checksum.hex (stored 0%)
    comparison: ..
    decision: ..........
    diagnosticTools: .WW1WWW2.
    preProcess: S
    
    ══ Skipped ═════════════════════════════════════════════════════════════════════
    1. preProcess_ functions work as expected ('test-preProcess.R:5:3') - Reason: On CRAN
    
    ══ Warnings ════════════════════════════════════════════════════════════════════
    1. diagnosticTools functions work as expected ('test-diagnosticTools.R:95:3') - longer object length is not a multiple of shorter object length
    
    2. diagnosticTools functions work as expected ('test-diagnosticTools.R:95:3') - longer object length is not a multiple of shorter object length
    
    3. diagnosticTools functions work as expected ('test-diagnosticTools.R:104:3') - longer object length is not a multiple of shorter object length
    
    4. diagnosticTools functions work as expected ('test-diagnosticTools.R:104:3') - longer object length is not a multiple of shorter object length
    
    5. diagnosticTools functions work as expected ('test-diagnosticTools.R:104:3') - longer object length is not a multiple of shorter object length
    
    ══ Failed ══════════════════════════════════════════════════════════════════════
    ── 1. Failure ('test-diagnosticTools.R:95:3'): diagnosticTools functions work as
    all(unlist(purrr::map(x3pPlt, ~class(.) == c("gg", "ggplot")))) is not TRUE
    
    `actual`:   FALSE
    `expected`: TRUE 
    
    ── 2. Failure ('test-diagnosticTools.R:104:3'): diagnosticTools functions work a
    all(unlist(purrr::map(cmcPlt_list, ~class(.) == c("gg", "ggplot")))) is not TRUE
    
    `actual`:   FALSE
    `expected`: TRUE 
    
    ══ DONE ════════════════════════════════════════════════════════════════════════
    Error: Test failures
    In addition: Warning messages:
    1: In data("fadul1.1_processed.rda") :
      data set 'fadul1.1_processed.rda' not found
    2: In data("fadul1.2_processed.rda") :
      data set 'fadul1.2_processed.rda' not found
    Execution halted
Flavor: r-release-linux-x86_64
Version: 0.1.11
Check: tests
Result: ERROR
    Running 'testthat.R' [45s]
  Running the tests in 'tests/testthat.R' failed.
  Complete output:
    > library(testthat)
    > library(cmcR)
    > 
    > test_check("cmcR",reporter = SummaryReporter)
      adding: bindata/ (stored 0%)
      adding: bindata/data.bin (deflated 73%)
      adding: main.xml (deflated 63%)
      adding: md5checksum.hex (stored 0%)
      adding: bindata/ (stored 0%)
      adding: bindata/data.bin (deflated 71%)
      adding: main.xml (deflated 63%)
      adding: md5checksum.hex (stored 0%)
    comparison: ..
    decision: ..........
    diagnosticTools: .WW1WWW2.
    preProcess: S
    
    ══ Skipped ═════════════════════════════════════════════════════════════════════
    1. preProcess_ functions work as expected ('test-preProcess.R:5:3') - Reason: On CRAN
    
    ══ Warnings ════════════════════════════════════════════════════════════════════
    1. diagnosticTools functions work as expected ('test-diagnosticTools.R:95:3') - longer object length is not a multiple of shorter object length
    
    2. diagnosticTools functions work as expected ('test-diagnosticTools.R:95:3') - longer object length is not a multiple of shorter object length
    
    3. diagnosticTools functions work as expected ('test-diagnosticTools.R:104:3') - longer object length is not a multiple of shorter object length
    
    4. diagnosticTools functions work as expected ('test-diagnosticTools.R:104:3') - longer object length is not a multiple of shorter object length
    
    5. diagnosticTools functions work as expected ('test-diagnosticTools.R:104:3') - longer object length is not a multiple of shorter object length
    
    ══ Failed ══════════════════════════════════════════════════════════════════════
    ── 1. Failure ('test-diagnosticTools.R:95:3'): diagnosticTools functions work as
    all(unlist(purrr::map(x3pPlt, ~class(.) == c("gg", "ggplot")))) is not TRUE
    
    `actual`:   FALSE
    `expected`: TRUE 
    
    ── 2. Failure ('test-diagnosticTools.R:104:3'): diagnosticTools functions work a
    all(unlist(purrr::map(cmcPlt_list, ~class(.) == c("gg", "ggplot")))) is not TRUE
    
    `actual`:   FALSE
    `expected`: TRUE 
    
    ══ DONE ════════════════════════════════════════════════════════════════════════
    Error: Test failures
    In addition: Warning messages:
    1: In data("fadul1.1_processed.rda") :
      data set 'fadul1.1_processed.rda' not found
    2: In data("fadul1.2_processed.rda") :
      data set 'fadul1.2_processed.rda' not found
    Execution halted
Flavor: r-release-windows-x86_64
Version: 0.1.11
Check: tests
Result: ERROR
    Running 'testthat.R' [59s]
  Running the tests in 'tests/testthat.R' failed.
  Complete output:
    > library(testthat)
    > library(cmcR)
    > 
    > test_check("cmcR",reporter = SummaryReporter)
      adding: bindata/ (stored 0%)
      adding: bindata/data.bin (deflated 73%)
      adding: main.xml (deflated 63%)
      adding: md5checksum.hex (stored 0%)
      adding: bindata/ (stored 0%)
      adding: bindata/data.bin (deflated 71%)
      adding: main.xml (deflated 63%)
      adding: md5checksum.hex (stored 0%)
    comparison: ..
    decision: ..........
    diagnosticTools: .WW1WWW2.
    preProcess: S
    
    ══ Skipped ═════════════════════════════════════════════════════════════════════
    1. preProcess_ functions work as expected ('test-preProcess.R:5:3') - Reason: On CRAN
    
    ══ Warnings ════════════════════════════════════════════════════════════════════
    1. diagnosticTools functions work as expected ('test-diagnosticTools.R:95:3') - longer object length is not a multiple of shorter object length
    
    2. diagnosticTools functions work as expected ('test-diagnosticTools.R:95:3') - longer object length is not a multiple of shorter object length
    
    3. diagnosticTools functions work as expected ('test-diagnosticTools.R:104:3') - longer object length is not a multiple of shorter object length
    
    4. diagnosticTools functions work as expected ('test-diagnosticTools.R:104:3') - longer object length is not a multiple of shorter object length
    
    5. diagnosticTools functions work as expected ('test-diagnosticTools.R:104:3') - longer object length is not a multiple of shorter object length
    
    ══ Failed ══════════════════════════════════════════════════════════════════════
    ── 1. Failure ('test-diagnosticTools.R:95:3'): diagnosticTools functions work as
    all(unlist(purrr::map(x3pPlt, ~class(.) == c("gg", "ggplot")))) is not TRUE
    
    `actual`:   FALSE
    `expected`: TRUE 
    
    ── 2. Failure ('test-diagnosticTools.R:104:3'): diagnosticTools functions work a
    all(unlist(purrr::map(cmcPlt_list, ~class(.) == c("gg", "ggplot")))) is not TRUE
    
    `actual`:   FALSE
    `expected`: TRUE 
    
    ══ DONE ════════════════════════════════════════════════════════════════════════
    Error: Test failures
    In addition: Warning messages:
    1: In data("fadul1.1_processed.rda") :
      data set 'fadul1.1_processed.rda' not found
    2: In data("fadul1.2_processed.rda") :
      data set 'fadul1.2_processed.rda' not found
    Execution halted
Flavor: r-oldrel-windows-x86_64