CRAN Package Check Results for Package cnbdistr

Last updated on 2025-07-03 03:49:37 CEST.

Flavor Version Tinstall Tcheck Ttotal Status Flags
r-devel-linux-x86_64-debian-clang 1.0.1 2.04 43.96 46.00 NOTE
r-devel-linux-x86_64-debian-gcc 1.0.1 1.63 31.10 32.73 NOTE
r-devel-linux-x86_64-fedora-clang 1.0.1 75.61 OK
r-devel-linux-x86_64-fedora-gcc 1.0.1 85.79 OK
r-devel-windows-x86_64 1.0.1 3.00 58.00 61.00 OK
r-patched-linux-x86_64 1.0.1 2.07 41.83 43.90 OK
r-release-linux-x86_64 1.0.1 1.94 42.11 44.05 OK
r-release-macos-arm64 1.0.1 41.00 OK
r-release-macos-x86_64 1.0.1 80.00 OK
r-release-windows-x86_64 1.0.1 3.00 58.00 61.00 OK
r-oldrel-macos-arm64 1.0.1 28.00 NOTE
r-oldrel-macos-x86_64 1.0.1 45.00 NOTE
r-oldrel-windows-x86_64 1.0.1 4.00 69.00 73.00 NOTE

Check Details

Version: 1.0.1
Check: CRAN incoming feasibility
Result: NOTE Maintainer: ‘Xiaotian Zhu <xiaotian.zhu.psualum@gmail.com>’ No Authors@R field in DESCRIPTION. Please add one, modifying Authors@R: person(given = "Xiaotian", family = "Zhu", role = c("aut", "cre"), email = "xiaotian.zhu.psualum@gmail.com") as necessary. Flavors: r-devel-linux-x86_64-debian-clang, r-devel-linux-x86_64-debian-gcc

Version: 1.0.1
Check: LazyData
Result: NOTE 'LazyData' is specified without a 'data' directory Flavors: r-oldrel-macos-arm64, r-oldrel-macos-x86_64, r-oldrel-windows-x86_64