Last updated on 2025-07-25 03:51:19 CEST.
Flavor | Version | Tinstall | Tcheck | Ttotal | Status | Flags |
---|---|---|---|---|---|---|
r-devel-linux-x86_64-debian-clang | 1.0-1 | 2.92 | 24.57 | 27.49 | NOTE | |
r-devel-linux-x86_64-debian-gcc | 1.0-1 | 2.05 | 19.58 | 21.63 | NOTE | |
r-devel-linux-x86_64-fedora-clang | 1.0-1 | 42.30 | OK | |||
r-devel-linux-x86_64-fedora-gcc | 1.0-1 | 41.10 | OK | |||
r-devel-windows-x86_64 | 1.0-1 | 4.00 | 57.00 | 61.00 | OK | |
r-patched-linux-x86_64 | 1.0-1 | 2.87 | 23.26 | 26.13 | OK | |
r-release-linux-x86_64 | 1.0-1 | 2.36 | 23.30 | 25.66 | OK | |
r-release-macos-arm64 | 1.0-1 | 18.00 | OK | |||
r-release-macos-x86_64 | 1.0-1 | 36.00 | OK | |||
r-release-windows-x86_64 | 1.0-1 | 3.00 | 48.00 | 51.00 | OK | |
r-oldrel-macos-arm64 | 1.0-1 | 20.00 | NOTE | |||
r-oldrel-macos-x86_64 | 1.0-1 | 25.00 | NOTE | |||
r-oldrel-windows-x86_64 | 1.0-1 | 5.00 | 51.00 | 56.00 | NOTE |
Version: 1.0-1
Check: CRAN incoming feasibility
Result: NOTE
Maintainer: ‘Birk Diedenhofen <mail@birkdiedenhofen.de>’
The Description field contains
http://comparingcronbachalphas.org. A plugin for the R GUI and IDE
RKWard is included. Please install RKWard from https:// rkward.kde.org
Please enclose URLs in angle brackets (<...>).
Flavors: r-devel-linux-x86_64-debian-clang, r-devel-linux-x86_64-debian-gcc
Version: 1.0-1
Check: package dependencies
Result: NOTE
Package which this enhances but not available for checking: ‘rkward’
Flavors: r-oldrel-macos-arm64, r-oldrel-macos-x86_64, r-oldrel-windows-x86_64