Last updated on 2025-05-07 03:50:56 CEST.
Flavor | Version | Tinstall | Tcheck | Ttotal | Status | Flags |
---|---|---|---|---|---|---|
r-devel-linux-x86_64-debian-clang | 1.0.3 | 4.63 | 47.96 | 52.59 | OK | |
r-devel-linux-x86_64-debian-gcc | 1.0.3 | 3.78 | 37.80 | 41.58 | OK | |
r-devel-linux-x86_64-fedora-clang | 1.0.3 | 80.36 | OK | |||
r-devel-linux-x86_64-fedora-gcc | 1.0.3 | 91.78 | OK | |||
r-devel-windows-x86_64 | 1.0.3 | 6.00 | 0.00 | 6.00 | FAIL | |
r-patched-linux-x86_64 | 1.0.3 | 4.38 | 45.41 | 49.79 | OK | |
r-release-linux-x86_64 | 1.0.3 | 4.10 | 45.75 | 49.85 | OK | |
r-release-macos-arm64 | 1.0.3 | 56.00 | OK | |||
r-release-macos-x86_64 | 1.0.3 | 75.00 | OK | |||
r-release-windows-x86_64 | 1.0.3 | 7.00 | 71.00 | 78.00 | OK | |
r-oldrel-macos-arm64 | 1.0.3 | 33.00 | OK | |||
r-oldrel-macos-x86_64 | 1.0.3 | 55.00 | OK | |||
r-oldrel-windows-x86_64 | 1.0.3 | 7.00 | 81.00 | 88.00 | OK |
Version: 1.0.3
Check: PDF version of manual
Result: FAIL
Check process probably crashed or hung up for 20 minutes ... killed
Most likely this happened in the example checks (?),
if not, ignore the following last lines of example output:
>
> flush(stderr()); flush(stdout())
>
> ### Name: spence8
> ### Title: The factor loading matrices of 8 exploratory factor analysis for
> ### spence children anxiety scale(SCAS).
> ### Aliases: spence8
> ### Keywords: datasets
>
> ### ** Examples
>
> data(spence8)
>
>
>
> ### * <FOOTER>
> ###
> cleanEx()
> options(digits = 7L)
> base::cat("Time elapsed: ", proc.time() - base::get("ptime", pos = 'CheckExEnv'),"\n")
Time elapsed: 1.76 0.18 1.94 NA NA
> grDevices::dev.off()
null device
1
> ###
> ### Local variables: ***
> ### mode: outline-minor ***
> ### outline-regexp: "\\(> \\)?### [*]+" ***
> ### End: ***
> quit('no')
======== End of example output (where/before crash/hang up occured ?) ========
Flavor: r-devel-windows-x86_64