CRAN Package Check Results for Package cohorttools

Last updated on 2025-05-07 03:50:56 CEST.

Flavor Version Tinstall Tcheck Ttotal Status Flags
r-devel-linux-x86_64-debian-clang 0.1.6 12.88 92.68 105.56 NOTE
r-devel-linux-x86_64-debian-gcc 0.1.6 7.89 68.02 75.91 NOTE
r-devel-linux-x86_64-fedora-clang 0.1.6 154.30 OK
r-devel-linux-x86_64-fedora-gcc 0.1.6 152.71 OK
r-devel-windows-x86_64 0.1.6 12.00 96.00 108.00 NOTE
r-patched-linux-x86_64 0.1.6 11.76 86.49 98.25 NOTE
r-release-linux-x86_64 0.1.6 11.83 86.07 97.90 NOTE
r-release-macos-arm64 0.1.6 45.00 OK
r-release-macos-x86_64 0.1.6 89.00 OK
r-release-windows-x86_64 0.1.6 12.00 94.00 106.00 NOTE
r-oldrel-macos-arm64 0.1.6 45.00 OK
r-oldrel-macos-x86_64 0.1.6 66.00 OK
r-oldrel-windows-x86_64 0.1.6 16.00 116.00 132.00 OK

Check Details

Version: 0.1.6
Check: CRAN incoming feasibility
Result: NOTE Maintainer: ‘Jari Haukka <jari.haukka@helsinki.fi>’ No Authors@R field in DESCRIPTION. Please add one, modifying Authors@R: person(given = "Jari", family = "Haukka", role = c("aut", "cre"), email = "jari.haukka@helsinki.fi") as necessary. Flavors: r-devel-linux-x86_64-debian-clang, r-devel-linux-x86_64-debian-gcc

Version: 0.1.6
Check: Rd cross-references
Result: NOTE Found the following Rd file(s) with Rd \link{} targets missing package anchors: boxesLx.Rd: grViz mkratetable.Rd: survival, pyears plotcuminc.Rd: survival, pyears Please provide package anchors for all Rd \link{} targets not in the package itself and the base packages. Flavors: r-devel-linux-x86_64-debian-clang, r-devel-linux-x86_64-debian-gcc, r-devel-windows-x86_64, r-patched-linux-x86_64, r-release-linux-x86_64, r-release-windows-x86_64