CRAN Package Check Results for Package colorr

Last updated on 2025-05-04 03:50:50 CEST.

Flavor Version Tinstall Tcheck Ttotal Status Flags
r-devel-linux-x86_64-debian-clang 1.0.0 1.61 17.25 18.86 OK
r-devel-linux-x86_64-debian-gcc 1.0.0 1.30 14.13 15.43 OK
r-devel-linux-x86_64-fedora-clang 1.0.0 29.27 OK
r-devel-linux-x86_64-fedora-gcc 1.0.0 28.17 OK
r-devel-windows-x86_64 1.0.0 4.00 36.00 40.00 OK
r-patched-linux-x86_64 1.0.0 1.66 16.40 18.06 OK
r-release-linux-x86_64 OK
r-release-macos-arm64 1.0.0 13.00 OK
r-release-macos-x86_64 1.0.0 22.00 OK
r-release-windows-x86_64 1.0.0 3.00 41.00 44.00 OK
r-oldrel-macos-arm64 1.0.0 19.00 NOTE
r-oldrel-macos-x86_64 1.0.0 21.00 NOTE
r-oldrel-windows-x86_64 1.0.0 3.00 36.00 39.00 NOTE

Check Details

Version: 1.0.0
Check: LazyData
Result: NOTE 'LazyData' is specified without a 'data' directory Flavors: r-oldrel-macos-arm64, r-oldrel-macos-x86_64, r-oldrel-windows-x86_64