Last updated on 2025-05-07 03:50:57 CEST.
Flavor | Version | Tinstall | Tcheck | Ttotal | Status | Flags |
---|---|---|---|---|---|---|
r-devel-linux-x86_64-debian-clang | 0.1.5 | 2.23 | 62.46 | 64.69 | NOTE | |
r-devel-linux-x86_64-debian-gcc | 0.1.5 | 1.76 | 42.49 | 44.25 | NOTE | |
r-devel-linux-x86_64-fedora-clang | 0.1.5 | 108.95 | OK | |||
r-devel-linux-x86_64-fedora-gcc | 0.1.5 | 112.97 | OK | |||
r-devel-windows-x86_64 | 0.1.5 | 4.00 | 113.00 | 117.00 | OK | |
r-patched-linux-x86_64 | 0.1.5 | 2.58 | 60.05 | 62.63 | OK | |
r-release-linux-x86_64 | 0.1.5 | 1.62 | 58.02 | 59.64 | OK | |
r-release-macos-arm64 | 0.1.5 | 46.00 | OK | |||
r-release-macos-x86_64 | 0.1.5 | 81.00 | OK | |||
r-release-windows-x86_64 | 0.1.5 | 4.00 | 114.00 | 118.00 | OK | |
r-oldrel-macos-arm64 | 0.1.5 | 38.00 | OK | |||
r-oldrel-macos-x86_64 | 0.1.5 | 60.00 | OK | |||
r-oldrel-windows-x86_64 | 0.1.5 | 5.00 | 126.00 | 131.00 | OK |
Version: 0.1.5
Check: CRAN incoming feasibility
Result: NOTE
Maintainer: ‘Zoltan Botta-Dukat <botta-dukat.zoltan@okologia.mta.hu>’
No Authors@R field in DESCRIPTION.
Please add one, modifying
Authors@R: person(given = "Zoltan",
family = "Botta-Dukat",
role = c("aut", "cre"),
email = "botta-dukat.zoltan@okologia.mta.hu")
as necessary.
Flavors: r-devel-linux-x86_64-debian-clang, r-devel-linux-x86_64-debian-gcc