CRAN Package Check Results for Package con2lki

Last updated on 2025-05-07 03:50:57 CEST.

Flavor Version Tinstall Tcheck Ttotal Status Flags
r-devel-linux-x86_64-debian-clang 0.1.0 1.47 19.12 20.59 NOTE
r-devel-linux-x86_64-debian-gcc 0.1.0 1.26 15.82 17.08 NOTE
r-devel-linux-x86_64-fedora-clang 0.1.0 30.86 OK
r-devel-linux-x86_64-fedora-gcc 0.1.0 29.22 OK
r-devel-windows-x86_64 0.1.0 3.00 39.00 42.00 OK
r-patched-linux-x86_64 0.1.0 1.37 17.49 18.86 OK
r-release-linux-x86_64 0.1.0 1.36 17.34 18.70 OK
r-release-macos-arm64 0.1.0 15.00 OK
r-release-macos-x86_64 0.1.0 23.00 OK
r-release-windows-x86_64 0.1.0 2.00 38.00 40.00 OK
r-oldrel-macos-arm64 0.1.0 19.00 NOTE
r-oldrel-macos-x86_64 0.1.0 24.00 NOTE
r-oldrel-windows-x86_64 0.1.0 3.00 43.00 46.00 NOTE

Check Details

Version: 0.1.0
Check: CRAN incoming feasibility
Result: NOTE Maintainer: ‘Mark Baas <mark.baas@gmail.com>’ No Authors@R field in DESCRIPTION. Please add one, modifying Authors@R: person(given = "Mark", family = "Baas", role = c("aut", "cre"), email = "mark.baas@gmail.com") as necessary. Flavors: r-devel-linux-x86_64-debian-clang, r-devel-linux-x86_64-debian-gcc

Version: 0.1.0
Check: LazyData
Result: NOTE 'LazyData' is specified without a 'data' directory Flavors: r-oldrel-macos-arm64, r-oldrel-macos-x86_64, r-oldrel-windows-x86_64