Last updated on 2025-05-07 03:50:57 CEST.
Flavor | Version | Tinstall | Tcheck | Ttotal | Status | Flags |
---|---|---|---|---|---|---|
r-devel-linux-x86_64-debian-clang | 0.1.6 | 2.79 | 38.13 | 40.92 | NOTE | |
r-devel-linux-x86_64-debian-gcc | 0.1.6 | 1.91 | 28.95 | 30.86 | NOTE | |
r-devel-linux-x86_64-fedora-clang | 0.1.6 | 63.35 | NOTE | |||
r-devel-linux-x86_64-fedora-gcc | 0.1.6 | 73.45 | NOTE | |||
r-devel-windows-x86_64 | 0.1.6 | 4.00 | 67.00 | 71.00 | NOTE | |
r-patched-linux-x86_64 | 0.1.6 | 3.27 | 34.35 | 37.62 | NOTE | |
r-release-linux-x86_64 | 0.1.6 | 2.62 | 34.92 | 37.54 | NOTE | |
r-release-macos-arm64 | 0.1.6 | 28.00 | NOTE | |||
r-release-macos-x86_64 | 0.1.6 | 58.00 | NOTE | |||
r-release-windows-x86_64 | 0.1.6 | 4.00 | 66.00 | 70.00 | NOTE | |
r-oldrel-macos-arm64 | 0.1.6 | 33.00 | NOTE | |||
r-oldrel-macos-x86_64 | 0.1.6 | 43.00 | NOTE | |||
r-oldrel-windows-x86_64 | 0.1.6 | 5.00 | 72.00 | 77.00 | NOTE |
Version: 0.1.6
Check: Rd files
Result: NOTE
checkRd: (-1) concstats_hhi.Rd:13: Lost braces; missing escapes or markup?
13 | value is required. Ranges from {0, 1} and often used for comparison over
| ^
Flavors: r-devel-linux-x86_64-debian-clang, r-devel-linux-x86_64-debian-gcc, r-devel-linux-x86_64-fedora-clang, r-devel-linux-x86_64-fedora-gcc, r-devel-windows-x86_64, r-patched-linux-x86_64, r-release-linux-x86_64, r-release-macos-arm64, r-release-macos-x86_64, r-release-windows-x86_64, r-oldrel-macos-arm64, r-oldrel-macos-x86_64, r-oldrel-windows-x86_64