Last updated on 2025-05-03 03:51:54 CEST.
Flavor | Version | Tinstall | Tcheck | Ttotal | Status | Flags |
---|---|---|---|---|---|---|
r-devel-linux-x86_64-debian-clang | 0.2.0 | 1.91 | 25.76 | 27.67 | NOTE | |
r-devel-linux-x86_64-debian-gcc | 0.2.0 | 1.51 | 21.33 | 22.84 | NOTE | |
r-devel-linux-x86_64-fedora-clang | 0.2.0 | 45.21 | OK | |||
r-devel-linux-x86_64-fedora-gcc | 0.2.0 | 58.73 | OK | |||
r-devel-windows-x86_64 | 0.2.0 | 3.00 | 50.00 | 53.00 | OK | |
r-patched-linux-x86_64 | 0.2.0 | 2.05 | 26.05 | 28.10 | OK | |
r-release-linux-x86_64 | OK | |||||
r-release-macos-arm64 | 0.2.0 | 25.00 | OK | |||
r-release-macos-x86_64 | 0.2.0 | 47.00 | OK | |||
r-release-windows-x86_64 | 0.2.0 | 5.00 | 50.00 | 55.00 | OK | |
r-oldrel-macos-arm64 | 0.2.0 | 29.00 | OK | |||
r-oldrel-macos-x86_64 | 0.2.0 | 37.00 | OK | |||
r-oldrel-windows-x86_64 | 0.2.0 | 3.00 | 52.00 | 55.00 | OK |
Version: 0.2.0
Check: CRAN incoming feasibility
Result: NOTE
Maintainer: ‘David Clement <dyc24@cornell.edu>’
No Authors@R field in DESCRIPTION.
Please add one, modifying
Authors@R: person(given = "David",
family = "Clement",
role = c("aut", "cre"),
email = "dyc24@cornell.edu")
as necessary.
Flavors: r-devel-linux-x86_64-debian-clang, r-devel-linux-x86_64-debian-gcc