Last updated on 2025-05-06 03:50:59 CEST.
Flavor | Version | Tinstall | Tcheck | Ttotal | Status | Flags |
---|---|---|---|---|---|---|
r-devel-linux-x86_64-debian-clang | 0.5-1 | 5.92 | 48.30 | 54.22 | NOTE | |
r-devel-linux-x86_64-debian-gcc | 0.5-1 | 4.17 | 35.05 | 39.22 | NOTE | |
r-devel-linux-x86_64-fedora-clang | 0.5-1 | 81.56 | OK | |||
r-devel-linux-x86_64-fedora-gcc | 0.5-1 | 78.50 | OK | |||
r-devel-windows-x86_64 | 0.5-1 | 7.00 | 66.00 | 73.00 | OK | |
r-patched-linux-x86_64 | 0.5-1 | 7.09 | 43.67 | 50.76 | NOTE | |
r-release-linux-x86_64 | 0.5-1 | 5.54 | 44.93 | 50.47 | NOTE | |
r-release-macos-arm64 | 0.5-1 | 27.00 | OK | |||
r-release-macos-x86_64 | 0.5-1 | 48.00 | OK | |||
r-release-windows-x86_64 | 0.5-1 | 7.00 | 64.00 | 71.00 | OK | |
r-oldrel-macos-arm64 | 0.5-1 | 29.00 | OK | |||
r-oldrel-macos-x86_64 | 0.5-1 | 39.00 | OK | |||
r-oldrel-windows-x86_64 | 0.5-1 | 7.00 | 73.00 | 80.00 | OK |
Version: 0.5-1
Check: for unstated dependencies in ‘demo’
Result: NOTE
'library' or 'require' call not declared from: ‘e1071’
Flavors: r-devel-linux-x86_64-debian-clang, r-devel-linux-x86_64-debian-gcc, r-patched-linux-x86_64, r-release-linux-x86_64