Last updated on 2025-05-04 03:50:50 CEST.
Flavor | Version | Tinstall | Tcheck | Ttotal | Status | Flags |
---|---|---|---|---|---|---|
r-devel-linux-x86_64-debian-clang | 2.0.0 | 1.78 | 18.69 | 20.47 | NOTE | |
r-devel-linux-x86_64-debian-gcc | 2.0.0 | 1.40 | 15.41 | 16.81 | NOTE | |
r-devel-linux-x86_64-fedora-clang | 2.0.0 | 32.31 | OK | |||
r-devel-linux-x86_64-fedora-gcc | 2.0.0 | 31.01 | OK | |||
r-devel-windows-x86_64 | 2.0.0 | 3.00 | 46.00 | 49.00 | OK | |
r-patched-linux-x86_64 | 2.0.0 | 2.02 | 17.97 | 19.99 | OK | |
r-release-linux-x86_64 | OK | |||||
r-release-macos-arm64 | 2.0.0 | 17.00 | OK | |||
r-release-macos-x86_64 | 2.0.0 | 26.00 | OK | |||
r-release-windows-x86_64 | 2.0.0 | 2.00 | 51.00 | 53.00 | OK | |
r-oldrel-macos-arm64 | 2.0.0 | 21.00 | OK | |||
r-oldrel-macos-x86_64 | 2.0.0 | 21.00 | OK | |||
r-oldrel-windows-x86_64 | 2.0.0 | 3.00 | 46.00 | 49.00 | OK |
Version: 2.0.0
Check: CRAN incoming feasibility
Result: NOTE
Maintainer: ‘Bill Venables <Bill.Venables@gmail.com>’
No Authors@R field in DESCRIPTION.
Please add one, modifying
Authors@R: person(given = "Bill",
family = "Venables",
role = c("aut", "cre"),
email = "bill.venables@gmail.com")
as necessary.
Flavors: r-devel-linux-x86_64-debian-clang, r-devel-linux-x86_64-debian-gcc