Last updated on 2025-07-25 03:51:19 CEST.
Flavor | Version | Tinstall | Tcheck | Ttotal | Status | Flags |
---|---|---|---|---|---|---|
r-devel-linux-x86_64-debian-clang | 1.0.4 | 7.09 | 56.68 | 63.77 | OK | |
r-devel-linux-x86_64-debian-gcc | 1.0.4 | 4.55 | 41.84 | 46.39 | OK | |
r-devel-linux-x86_64-fedora-clang | 1.0.4 | 101.75 | NOTE | |||
r-devel-linux-x86_64-fedora-gcc | 1.0.4 | 95.39 | NOTE | |||
r-devel-windows-x86_64 | 1.0.4 | 8.00 | 82.00 | 90.00 | OK | |
r-patched-linux-x86_64 | 1.0.4 | 7.09 | 52.66 | 59.75 | OK | |
r-release-linux-x86_64 | 1.0.4 | 5.67 | 53.03 | 58.70 | OK | |
r-release-macos-arm64 | 1.0.4 | 31.00 | OK | |||
r-release-macos-x86_64 | 1.0.4 | 70.00 | OK | |||
r-release-windows-x86_64 | 1.0.4 | 9.00 | 71.00 | 80.00 | OK | |
r-oldrel-macos-arm64 | 1.0.4 | 29.00 | OK | |||
r-oldrel-macos-x86_64 | 1.0.4 | 40.00 | OK | |||
r-oldrel-windows-x86_64 | 1.0.4 | 11.00 | 89.00 | 100.00 | OK |
Version: 1.0.4
Check: dependencies in R code
Result: NOTE
Namespaces in Imports field not imported from:
‘scales’ ‘sna’
All declared Imports should be used.
Flavors: r-devel-linux-x86_64-fedora-clang, r-devel-linux-x86_64-fedora-gcc