CRAN Package Check Results for Package contfrac

Last updated on 2025-05-07 03:50:57 CEST.

Flavor Version Tinstall Tcheck Ttotal Status Flags
r-devel-linux-x86_64-debian-clang 1.1-12 2.19 17.76 19.95 NOTE
r-devel-linux-x86_64-debian-gcc 1.1-12 1.89 14.38 16.27 NOTE
r-devel-linux-x86_64-fedora-clang 1.1-12 31.14 OK
r-devel-linux-x86_64-fedora-gcc 1.1-12 30.06 OK
r-devel-windows-x86_64 1.1-12 6.00 38.00 44.00 OK
r-patched-linux-x86_64 1.1-12 2.16 17.21 19.37 OK
r-release-linux-x86_64 1.1-12 1.97 17.14 19.11 OK
r-release-macos-arm64 1.1-12 18.00 OK
r-release-macos-x86_64 1.1-12 25.00 OK
r-release-windows-x86_64 1.1-12 5.00 40.00 45.00 OK
r-oldrel-macos-arm64 1.1-12 20.00 OK
r-oldrel-macos-x86_64 1.1-12 21.00 OK
r-oldrel-windows-x86_64 1.1-12 5.00 37.00 42.00 OK

Check Details

Version: 1.1-12
Check: CRAN incoming feasibility
Result: NOTE Maintainer: ‘Robin K. S. Hankin <hankin.robin@gmail.com>’ No Authors@R field in DESCRIPTION. Please add one, modifying Authors@R: person(given = c("Robin", "K.", "S."), family = "Hankin", role = c("aut", "cre"), email = "hankin.robin@gmail.com") as necessary. Flavors: r-devel-linux-x86_64-debian-clang, r-devel-linux-x86_64-debian-gcc