CRAN Package Check Results for Package corrViz

Last updated on 2025-05-07 03:50:57 CEST.

Flavor Version Tinstall Tcheck Ttotal Status Flags
r-devel-linux-x86_64-debian-clang 0.1.0 11.83 137.04 148.87 NOTE
r-devel-linux-x86_64-debian-gcc 0.1.0 6.99 92.21 99.20 NOTE
r-devel-linux-x86_64-fedora-clang 0.1.0 213.18 NOTE
r-devel-linux-x86_64-fedora-gcc 0.1.0 236.32 NOTE
r-devel-windows-x86_64 0.1.0 13.00 135.00 148.00 NOTE
r-patched-linux-x86_64 0.1.0 9.23 124.50 133.73 NOTE
r-release-linux-x86_64 0.1.0 9.33 124.90 134.23 NOTE
r-release-macos-arm64 0.1.0 65.00 NOTE
r-release-macos-x86_64 0.1.0 135.00 NOTE
r-release-windows-x86_64 0.1.0 13.00 132.00 145.00 NOTE
r-oldrel-macos-arm64 0.1.0 64.00 NOTE
r-oldrel-macos-x86_64 0.1.0 102.00 NOTE
r-oldrel-windows-x86_64 0.1.0 16.00 174.00 190.00 NOTE

Check Details

Version: 0.1.0
Check: CRAN incoming feasibility
Result: NOTE Maintainer: ‘Alan Inglis <alan.n.inglis@gmail.com>’ No Authors@R field in DESCRIPTION. Please add one, modifying Authors@R: person(given = "Alan", family = "Inglis", role = c("aut", "cre"), email = "alan.n.inglis@gmail.com") as necessary. Flavors: r-devel-linux-x86_64-debian-clang, r-devel-linux-x86_64-debian-gcc

Version: 0.1.0
Check: DESCRIPTION meta-information
Result: NOTE Missing dependency on R >= 4.1.0 because package code uses the pipe |> or function shorthand \(...) syntax added in R 4.1.0. File(s) using such syntax: ‘corrBarplot.R’ ‘corrNetwork.R’ Flavors: r-devel-linux-x86_64-debian-clang, r-devel-linux-x86_64-debian-gcc, r-devel-linux-x86_64-fedora-clang, r-devel-linux-x86_64-fedora-gcc, r-devel-windows-x86_64, r-patched-linux-x86_64, r-release-linux-x86_64, r-release-macos-arm64, r-release-macos-x86_64, r-release-windows-x86_64

Version: 0.1.0
Check: installed package size
Result: NOTE installed size is 7.2Mb sub-directories of 1Mb or more: doc 6.7Mb Flavors: r-oldrel-macos-arm64, r-oldrel-macos-x86_64, r-oldrel-windows-x86_64