CRAN Package Check Results for Package correlbinom

Last updated on 2025-05-06 03:50:59 CEST.

Flavor Version Tinstall Tcheck Ttotal Status Flags
r-devel-linux-x86_64-debian-clang 0.0.1 3.83 34.28 38.11 NOTE
r-devel-linux-x86_64-debian-gcc 0.0.1 2.35 25.57 27.92 NOTE
r-devel-linux-x86_64-fedora-clang 0.0.1 59.57 OK
r-devel-linux-x86_64-fedora-gcc 0.0.1 57.32 OK
r-devel-windows-x86_64 0.0.1 4.00 55.00 59.00 OK
r-patched-linux-x86_64 0.0.1 3.42 33.15 36.57 OK
r-release-linux-x86_64 0.0.1 3.61 32.95 36.56 OK
r-release-macos-arm64 0.0.1 23.00 OK
r-release-macos-x86_64 0.0.1 36.00 OK
r-release-windows-x86_64 0.0.1 5.00 62.00 67.00 OK
r-oldrel-macos-arm64 0.0.1 21.00 NOTE
r-oldrel-macos-x86_64 0.0.1 32.00 NOTE
r-oldrel-windows-x86_64 0.0.1 6.00 60.00 66.00 NOTE

Check Details

Version: 0.0.1
Check: CRAN incoming feasibility
Result: NOTE Maintainer: ‘Gary Witt <gary.witt@temple.edu>’ No Authors@R field in DESCRIPTION. Please add one, modifying Authors@R: c(person(given = "Chris", family = "Rohlfs", role = "aut"), person(given = "Gary", family = "Witt", role = c("aut", "cre"), email = "gary.witt@temple.edu")) as necessary. Flavors: r-devel-linux-x86_64-debian-clang, r-devel-linux-x86_64-debian-gcc

Version: 0.0.1
Check: LazyData
Result: NOTE 'LazyData' is specified without a 'data' directory Flavors: r-oldrel-macos-arm64, r-oldrel-macos-x86_64, r-oldrel-windows-x86_64