CRAN Package Check Results for Package cosmoFns

Last updated on 2025-05-04 03:50:50 CEST.

Flavor Version Tinstall Tcheck Ttotal Status Flags
r-devel-linux-x86_64-debian-clang 1.1-1 1.85 18.27 20.12 NOTE
r-devel-linux-x86_64-debian-gcc 1.1-1 1.38 15.34 16.72 NOTE
r-devel-linux-x86_64-fedora-clang 1.1-1 31.28 NOTE
r-devel-linux-x86_64-fedora-gcc 1.1-1 31.77 NOTE
r-devel-windows-x86_64 1.1-1 3.00 39.00 42.00 NOTE
r-patched-linux-x86_64 1.1-1 1.84 17.60 19.44 NOTE
r-release-linux-x86_64 NOTE
r-release-macos-arm64 1.1-1 15.00 NOTE
r-release-macos-x86_64 1.1-1 22.00 NOTE
r-release-windows-x86_64 1.1-1 2.00 42.00 44.00 NOTE
r-oldrel-macos-arm64 1.1-1 15.00 NOTE
r-oldrel-macos-x86_64 1.1-1 21.00 NOTE
r-oldrel-windows-x86_64 1.1-1 3.00 37.00 40.00 NOTE

Check Details

Version: 1.1-1
Check: CRAN incoming feasibility
Result: NOTE Maintainer: ‘Andrew Harris <harris@astro.umd.edu>’ No Authors@R field in DESCRIPTION. Please add one, modifying Authors@R: person(given = "Andrew", family = "Harris", role = c("aut", "cre"), email = "harris@astro.umd.edu") as necessary. Flavors: r-devel-linux-x86_64-debian-clang, r-devel-linux-x86_64-debian-gcc

Version: 1.1-1
Check: Rd files
Result: NOTE checkRd: (-1) cosmoFns-package.Rd:34: Escaped LaTeX specials: \& Flavors: r-devel-linux-x86_64-debian-clang, r-devel-linux-x86_64-debian-gcc, r-devel-linux-x86_64-fedora-clang, r-devel-linux-x86_64-fedora-gcc, r-devel-windows-x86_64, r-patched-linux-x86_64, r-release-linux-x86_64, r-release-macos-arm64, r-release-macos-x86_64, r-release-windows-x86_64, r-oldrel-macos-arm64, r-oldrel-macos-x86_64, r-oldrel-windows-x86_64