CRAN Package Check Results for Package countcolors

Last updated on 2025-05-07 03:50:57 CEST.

Flavor Version Tinstall Tcheck Ttotal Status Flags
r-devel-linux-x86_64-debian-clang 0.9.1 2.42 78.25 80.67 OK
r-devel-linux-x86_64-debian-gcc 0.9.1 1.72 53.37 55.09 OK
r-devel-linux-x86_64-fedora-clang 0.9.1 129.80 NOTE
r-devel-linux-x86_64-fedora-gcc 0.9.1 139.35 NOTE
r-devel-windows-x86_64 0.9.1 4.00 97.00 101.00 OK
r-patched-linux-x86_64 0.9.1 2.57 75.20 77.77 OK
r-release-linux-x86_64 0.9.1 2.18 75.99 78.17 OK
r-release-macos-arm64 0.9.1 39.00 OK
r-release-macos-x86_64 0.9.1 108.00 OK
r-release-windows-x86_64 0.9.1 4.00 100.00 104.00 OK
r-oldrel-macos-arm64 0.9.1 49.00 NOTE
r-oldrel-macos-x86_64 0.9.1 94.00 NOTE
r-oldrel-windows-x86_64 0.9.1 5.00 129.00 134.00 NOTE

Check Details

Version: 0.9.1
Check: dependencies in R code
Result: NOTE Namespace in Imports field not imported from: ‘jpeg’ All declared Imports should be used. Flavors: r-devel-linux-x86_64-fedora-clang, r-devel-linux-x86_64-fedora-gcc

Version: 0.9.1
Check: LazyData
Result: NOTE 'LazyData' is specified without a 'data' directory Flavors: r-oldrel-macos-arm64, r-oldrel-macos-x86_64, r-oldrel-windows-x86_64