CRAN Package Check Results for Package covfefe

Last updated on 2025-05-07 03:50:57 CEST.

Flavor Version Tinstall Tcheck Ttotal Status Flags
r-devel-linux-x86_64-debian-clang 0.1.0 1.60 25.05 26.65 NOTE
r-devel-linux-x86_64-debian-gcc 0.1.0 1.70 19.92 21.62 NOTE
r-devel-linux-x86_64-fedora-clang 0.1.0 40.09 NOTE
r-devel-linux-x86_64-fedora-gcc 0.1.0 38.35 NOTE
r-devel-windows-x86_64 0.1.0 4.00 50.00 54.00 OK
r-patched-linux-x86_64 0.1.0 2.05 22.82 24.87 NOTE
r-release-linux-x86_64 0.1.0 1.85 22.99 24.84 NOTE
r-release-macos-arm64 0.1.0 20.00 OK
r-release-macos-x86_64 0.1.0 28.00 OK
r-release-windows-x86_64 0.1.0 3.00 44.00 47.00 OK
r-oldrel-macos-arm64 0.1.0 18.00 OK
r-oldrel-macos-x86_64 0.1.0 27.00 OK
r-oldrel-windows-x86_64 0.1.0 4.00 49.00 53.00 OK

Check Details

Version: 0.1.0
Check: CRAN incoming feasibility
Result: NOTE Maintainer: ‘Michael Kirchner <michael@kirchner.io>’ No Authors@R field in DESCRIPTION. Please add one, modifying Authors@R: person(given = "Michael", family = "Kirchner", role = c("aut", "cre"), email = "michael@kirchner.io") as necessary. Flavors: r-devel-linux-x86_64-debian-clang, r-devel-linux-x86_64-debian-gcc

Version: 0.1.0
Check: for non-standard things in the check directory
Result: NOTE Found the following files/directories: ‘covfefe_inauguration.txt’ Flavors: r-devel-linux-x86_64-debian-clang, r-devel-linux-x86_64-debian-gcc, r-devel-linux-x86_64-fedora-clang, r-devel-linux-x86_64-fedora-gcc, r-patched-linux-x86_64, r-release-linux-x86_64